{"id":67,"date":"2022-12-21T07:01:49","date_gmt":"2022-12-21T11:01:49","guid":{"rendered":"http:\/\/guiaturisticodesinop.com.br\/?page_id=67"},"modified":"2023-02-26T14:18:01","modified_gmt":"2023-02-26T18:18:01","slug":"atrativos-turisticos","status":"publish","type":"page","link":"https:\/\/guiaturisticodesinop.com.br\/?page_id=67","title":{"rendered":"Sobre Sinop"},"content":{"rendered":"\n<p align=\"justify\" style=\"color: #000; font-size: 25px \">\n\n<b>Sobre Sinop &#8211; Mato Grosso<\/b><br><br>\n\nA cidade de <b>Sinop<\/b> \u00e9 resultado da pol\u00edtica de ocupa\u00e7\u00e3o da Amaz\u00f4nia Legal Brasileira, desenvolvida pelo Governo Federal na d\u00e9cada de 1970.\n\nO seu nome deriva das letras iniciais da Colonizadora que projetou a cidade, Sociedade Imobili\u00e1ria Noroeste do Paran\u00e1.\n<br><br>\n\nA funda\u00e7\u00e3o da cidade de Sinop ocorreu no dia 14 de setembro de 1974 e contou com a presen\u00e7a de in\u00fameras autoridades, dentre elas o Ministro do Interior Maur\u00edcio Rangel Reis e o Governador de Mato Grosso Jos\u00e9 Fragelli.\n<br><br>\n\nA cidade foi elevada \u00e0 categoria de Distrito em 1976, atrav\u00e9s da Lei 3.754 de 29 de junho de 1976, assinada pelo governador Jos\u00e9 Garcia Neto. Neste mesmo ano, seus primeiros moradores elegeram para representar a cidade junto ao munic\u00edpio de Chapada dos Guimar\u00e3es, o pioneiro Pl\u00ednio Calegaro.\n<br><br>\n\nApenas cinco anos ap\u00f3s a sua funda\u00e7\u00e3o, a cidade de Sinop, alcan\u00e7ou  a sua autonomia pol\u00edtica atrav\u00e9s da Lei 4.156 de 17 de dezembro de 1979, assinada pelo Governador Frederico Campos.\n\nInicialmente o munic\u00edpio de Sinop contava com uma \u00e1rea de 48.678 km\u00b2. Al\u00e9m da sede do munic\u00edpio passaram a fazer parte de Sinop os Distritos de Vera, Santa Carmem, Claudia e Marcel\u00e2ndia.\n<br><br>\n\nA comarca de Sinop foi criada no ano de 1984 e foi instalada no ano de 1985, quando tomou posse o 1\u00ba Juiz da Comarca DR. Antonio Paulo da Costa Carvalho e o 1\u00ba Promotor P\u00fablico, Dr. H\u00e9lio Fridolino Faust.\n<br><br>\n\nAp\u00f3s a cria\u00e7\u00e3o do Munic\u00edpio de Sinop, foi nomeado pelo Governo do Estado  o pioneiro Osvaldo Paula para administrar a nova cidade at\u00e9 que ocorressem as elei\u00e7\u00f5es previstas para o ano de 1982, quando foi eleito o 1\u00ba Prefeito de Sinop.\n<br><br>\n\n\n<b>Galeria de Prefeitos de Sinop &#8211; Mato Grosso<\/b><br><br>\nGERALDINO DAL MASO \u2013 Primeiro Prefeito eleito de Sinop. Administrou o munic\u00edpio por 06 anos de 1983 &#8211; 1988.\n<br>\nADENIR ALVES BARBOSA \u2013 Administrou o Munic\u00edpio no per\u00edodo de 1989 &#8211; 1992.\n<br>\nANTONIO CONTINI \u2013 Administrou o Munic\u00edpio no per\u00edodo de 1993 &#8211; 1996.\n<br>\nADENIR ALVES BARBOSA \u2013 Administrou o Munic\u00edpio pela segunda vez no  per\u00edodo de 1997 \u2013 2000.\n<br>\nNILSON LEIT\u00c3O \u2013 Administrou o Munic\u00edpio no per\u00edodo 2001 \u2013 2004. Reeleito, iniciou o seu segundo mandato no ano 2005 e terminou em 2008.\n<br>\nJUAREZ COSTA \u2013 Administrou o Munic\u00edpio no per\u00edodo de 2009 \u2013 2012. Reeleito, iniciou o seu segundo mandato no ano de 2013 e terminou em 2016.\n<br>\nROSANA MARTINELLI \u2013 Administrou o Munic\u00edpio no per\u00edodo de 2017 &#8211; 2020.\n<br>\nROBERTO DORNER &#8211; Atual prefeito do Munic\u00edpio, foi eleito para a gest\u00e3o 2021 &#8211; 2024.\n<br><br>\n\n<\/p>\n\n\n\n<p><strong>Fonte da Pesquisa:<\/strong> <a href=\"https:\/\/www.sinop.mt.gov.br\/A-Cidade\/Historia\/\" target=\"_blank\" rel=\"noreferrer noopener\">Prefeitura Municipal de Sinop-MT<\/a><\/p><br>\n\n\n\n<p class=\"has-text-align-center has-accent-background-color has-background has-medium-font-size\"><strong>GUIA TURISTICO DE SINOP<\/strong><\/p>\n\n\n\n<p class=\"has-text-align-left has-black-color has-text-color\"><img decoding=\"async\" width=\"35\" height=\"35\" class=\"wp-image-450\" style=\"width: 35px;\" src=\"http:\/\/guiaturisticodesinop.com.br\/wp-content\/uploads\/2022\/12\/174879-2.png\" alt=\"\" srcset=\"https:\/\/guiaturisticodesinop.com.br\/wp-content\/uploads\/2022\/12\/174879-2.png 512w, https:\/\/guiaturisticodesinop.com.br\/wp-content\/uploads\/2022\/12\/174879-2-300x300.png 300w, https:\/\/guiaturisticodesinop.com.br\/wp-content\/uploads\/2022\/12\/174879-2-150x150.png 150w\" sizes=\"(max-width: 35px) 100vw, 35px\" \/> <strong>66.9.8118-0945<\/strong>  <\/p>\n\n\n\n<p class=\"has-text-align-left has-black-color has-text-color\"><img decoding=\"async\" width=\"35\" height=\"34\" class=\"wp-image-670\" style=\"width: 35px;\" src=\"http:\/\/guiaturisticodesinop.com.br\/wp-content\/uploads\/2022\/12\/instagram-3.png\" alt=\"\">  <a rel=\"noreferrer noopener\" href=\"https:\/\/www.instagram.com\/guiaturisticodesinop\" target=\"_blank\">guiaturisticodesinop<\/a> <\/p>\n\n\n\n<p><img decoding=\"async\" width=\"35\" height=\"36\" class=\"wp-image-659\" style=\"width: 35px;\" src=\"http:\/\/guiaturisticodesinop.com.br\/wp-content\/uploads\/2022\/12\/icone_facebook-1.png\" alt=\"\"> <a href=\"https:\/\/www.facebook.com\/profile.php?id=100089015200279\" target=\"_blank\" rel=\"noreferrer noopener\">guiaturisticodesinop<\/a><\/p>\n\n\n\n<p class=\"has-text-align-left has-black-color has-text-color\"><img loading=\"lazy\" decoding=\"async\" width=\"40\" height=\"28\" class=\"wp-image-729\" style=\"width: 40px;\" src=\"http:\/\/guiaturisticodesinop.com.br\/wp-content\/uploads\/2022\/12\/icone_youtube-1.png\" alt=\"\"> <a rel=\"noreferrer noopener\" href=\"https:\/\/www.youtube.com\/channel\/UCVEfpydyZ59-4jCgt6o7spQ\" target=\"_blank\">guiaturisticodesinop<\/a><\/p>\n\n\n\n<p class=\"has-text-align-left has-black-color has-text-color\">Sinop-MT<\/p>\n","protected":false},"excerpt":{"rendered":"<p>Sobre Sinop &#8211; Mato Grosso A cidade de Sinop \u00e9 resultado da pol\u00edtica de ocupa\u00e7\u00e3o da Amaz\u00f4nia Legal Brasileira, desenvolvida pelo Governo Federal na d\u00e9cada de 1970. O seu nome deriva das letras iniciais da Colonizadora que projetou a cidade, Sociedade Imobili\u00e1ria Noroeste do Paran\u00e1. A funda\u00e7\u00e3o da cidade de [&hellip;]<\/p>\n","protected":false},"author":1,"featured_media":2406,"parent":0,"menu_order":0,"comment_status":"closed","ping_status":"closed","template":"","meta":{"_themeisle_gutenberg_block_has_review":false,"footnotes":""},"class_list":["post-67","page","type-page","status-publish","has-post-thumbnail","hentry"],"yoast_head":"<!-- This site is optimized with the Yoast SEO plugin v25.3.1 - https:\/\/yoast.com\/wordpress\/plugins\/seo\/ -->\n<title>Sobre Sinop - GUIA TUR\u00cdSTICO DE SINOP<\/title>\n<meta name=\"robots\" content=\"index, follow, max-snippet:-1, max-image-preview:large, max-video-preview:-1\" \/>\n<link rel=\"canonical\" href=\"https:\/\/guiaturisticodesinop.com.br\/?page_id=67\" \/>\n<meta property=\"og:locale\" content=\"pt_BR\" \/>\n<meta property=\"og:type\" content=\"article\" \/>\n<meta property=\"og:title\" content=\"Sobre Sinop - GUIA TUR\u00cdSTICO DE SINOP\" \/>\n<meta property=\"og:description\" content=\"Sobre Sinop &#8211; Mato Grosso A cidade de Sinop \u00e9 resultado da pol\u00edtica de ocupa\u00e7\u00e3o da Amaz\u00f4nia Legal Brasileira, desenvolvida pelo Governo Federal na d\u00e9cada de 1970. O seu nome deriva das letras iniciais da Colonizadora que projetou a cidade, Sociedade Imobili\u00e1ria Noroeste do Paran\u00e1. A funda\u00e7\u00e3o da cidade de [&hellip;]\" \/>\n<meta property=\"og:url\" content=\"https:\/\/guiaturisticodesinop.com.br\/?page_id=67\" \/>\n<meta property=\"og:site_name\" content=\"GUIA TUR\u00cdSTICO DE SINOP\" \/>\n<meta property=\"article:publisher\" content=\"https:\/\/www.facebook.com\/people\/Guia-Turstico-de-Sinop\/100089015200279\/\" \/>\n<meta property=\"article:modified_time\" content=\"2023-02-26T18:18:01+00:00\" \/>\n<meta property=\"og:image\" content=\"https:\/\/guiaturisticodesinop.com.br\/wp-content\/uploads\/2023\/02\/27-mapa-6.png\" \/>\n\t<meta property=\"og:image:width\" content=\"1111\" \/>\n\t<meta property=\"og:image:height\" content=\"354\" \/>\n\t<meta property=\"og:image:type\" content=\"image\/png\" \/>\n<meta name=\"twitter:card\" content=\"summary_large_image\" \/>\n<meta name=\"twitter:label1\" content=\"Est. tempo de leitura\" \/>\n\t<meta name=\"twitter:data1\" content=\"2 minutos\" \/>\n<script type=\"application\/ld+json\" class=\"yoast-schema-graph\">{\"@context\":\"https:\/\/schema.org\",\"@graph\":[{\"@type\":\"WebPage\",\"@id\":\"https:\/\/guiaturisticodesinop.com.br\/?page_id=67\",\"url\":\"https:\/\/guiaturisticodesinop.com.br\/?page_id=67\",\"name\":\"Sobre Sinop - GUIA TUR\u00cdSTICO DE SINOP\",\"isPartOf\":{\"@id\":\"https:\/\/guiaturisticodesinop.com.br\/#website\"},\"primaryImageOfPage\":{\"@id\":\"https:\/\/guiaturisticodesinop.com.br\/?page_id=67#primaryimage\"},\"image\":{\"@id\":\"https:\/\/guiaturisticodesinop.com.br\/?page_id=67#primaryimage\"},\"thumbnailUrl\":\"https:\/\/guiaturisticodesinop.com.br\/wp-content\/uploads\/2023\/02\/27-mapa-6.png\",\"datePublished\":\"2022-12-21T11:01:49+00:00\",\"dateModified\":\"2023-02-26T18:18:01+00:00\",\"breadcrumb\":{\"@id\":\"https:\/\/guiaturisticodesinop.com.br\/?page_id=67#breadcrumb\"},\"inLanguage\":\"pt-BR\",\"potentialAction\":[{\"@type\":\"ReadAction\",\"target\":[\"https:\/\/guiaturisticodesinop.com.br\/?page_id=67\"]}]},{\"@type\":\"ImageObject\",\"inLanguage\":\"pt-BR\",\"@id\":\"https:\/\/guiaturisticodesinop.com.br\/?page_id=67#primaryimage\",\"url\":\"https:\/\/guiaturisticodesinop.com.br\/wp-content\/uploads\/2023\/02\/27-mapa-6.png\",\"contentUrl\":\"https:\/\/guiaturisticodesinop.com.br\/wp-content\/uploads\/2023\/02\/27-mapa-6.png\",\"width\":1111,\"height\":354,\"caption\":\"#Pra\u00e7a Arco do Triunfo #Sinop #Residencial Paris #Brinquedos para crian\u00e7as #Lazer #Academia ao livre #Quadras esportiva #Monumento Arco do Triunfo #Banheiro p\u00fablico #Acessibilidade\"},{\"@type\":\"BreadcrumbList\",\"@id\":\"https:\/\/guiaturisticodesinop.com.br\/?page_id=67#breadcrumb\",\"itemListElement\":[{\"@type\":\"ListItem\",\"position\":1,\"name\":\"In\u00edcio\",\"item\":\"https:\/\/guiaturisticodesinop.com.br\/\"},{\"@type\":\"ListItem\",\"position\":2,\"name\":\"Sobre Sinop\"}]},{\"@type\":\"WebSite\",\"@id\":\"https:\/\/guiaturisticodesinop.com.br\/#website\",\"url\":\"https:\/\/guiaturisticodesinop.com.br\/\",\"name\":\"GUIA TUR\u00cdSTICO DE SINOP\",\"description\":\"A vitrine on-line do turismo em Sinop para o mundo!\",\"publisher\":{\"@id\":\"https:\/\/guiaturisticodesinop.com.br\/#organization\"},\"potentialAction\":[{\"@type\":\"SearchAction\",\"target\":{\"@type\":\"EntryPoint\",\"urlTemplate\":\"https:\/\/guiaturisticodesinop.com.br\/?s={search_term_string}\"},\"query-input\":{\"@type\":\"PropertyValueSpecification\",\"valueRequired\":true,\"valueName\":\"search_term_string\"}}],\"inLanguage\":\"pt-BR\"},{\"@type\":\"Organization\",\"@id\":\"https:\/\/guiaturisticodesinop.com.br\/#organization\",\"name\":\"GUIA TUR\u00cdSTICO DE SINOP\",\"url\":\"https:\/\/guiaturisticodesinop.com.br\/\",\"logo\":{\"@type\":\"ImageObject\",\"inLanguage\":\"pt-BR\",\"@id\":\"https:\/\/guiaturisticodesinop.com.br\/#\/schema\/logo\/image\/\",\"url\":\"https:\/\/guiaturisticodesinop.com.br\/wp-content\/uploads\/2023\/02\/logo_marca_guia_turistico_de_sinop.png\",\"contentUrl\":\"https:\/\/guiaturisticodesinop.com.br\/wp-content\/uploads\/2023\/02\/logo_marca_guia_turistico_de_sinop.png\",\"width\":250,\"height\":149,\"caption\":\"GUIA TUR\u00cdSTICO DE SINOP\"},\"image\":{\"@id\":\"https:\/\/guiaturisticodesinop.com.br\/#\/schema\/logo\/image\/\"},\"sameAs\":[\"https:\/\/www.facebook.com\/people\/Guia-Turstico-de-Sinop\/100089015200279\/\",\"https:\/\/www.instagram.com\/guiaturisticodesinop\"]}]}<\/script>\n<!-- \/ Yoast SEO plugin. -->","yoast_head_json":{"title":"Sobre Sinop - GUIA TUR\u00cdSTICO DE SINOP","robots":{"index":"index","follow":"follow","max-snippet":"max-snippet:-1","max-image-preview":"max-image-preview:large","max-video-preview":"max-video-preview:-1"},"canonical":"https:\/\/guiaturisticodesinop.com.br\/?page_id=67","og_locale":"pt_BR","og_type":"article","og_title":"Sobre Sinop - GUIA TUR\u00cdSTICO DE SINOP","og_description":"Sobre Sinop &#8211; Mato Grosso A cidade de Sinop \u00e9 resultado da pol\u00edtica de ocupa\u00e7\u00e3o da Amaz\u00f4nia Legal Brasileira, desenvolvida pelo Governo Federal na d\u00e9cada de 1970. O seu nome deriva das letras iniciais da Colonizadora que projetou a cidade, Sociedade Imobili\u00e1ria Noroeste do Paran\u00e1. A funda\u00e7\u00e3o da cidade de [&hellip;]","og_url":"https:\/\/guiaturisticodesinop.com.br\/?page_id=67","og_site_name":"GUIA TUR\u00cdSTICO DE SINOP","article_publisher":"https:\/\/www.facebook.com\/people\/Guia-Turstico-de-Sinop\/100089015200279\/","article_modified_time":"2023-02-26T18:18:01+00:00","og_image":[{"width":1111,"height":354,"url":"https:\/\/guiaturisticodesinop.com.br\/wp-content\/uploads\/2023\/02\/27-mapa-6.png","type":"image\/png"}],"twitter_card":"summary_large_image","twitter_misc":{"Est. tempo de leitura":"2 minutos"},"schema":{"@context":"https:\/\/schema.org","@graph":[{"@type":"WebPage","@id":"https:\/\/guiaturisticodesinop.com.br\/?page_id=67","url":"https:\/\/guiaturisticodesinop.com.br\/?page_id=67","name":"Sobre Sinop - GUIA TUR\u00cdSTICO DE SINOP","isPartOf":{"@id":"https:\/\/guiaturisticodesinop.com.br\/#website"},"primaryImageOfPage":{"@id":"https:\/\/guiaturisticodesinop.com.br\/?page_id=67#primaryimage"},"image":{"@id":"https:\/\/guiaturisticodesinop.com.br\/?page_id=67#primaryimage"},"thumbnailUrl":"https:\/\/guiaturisticodesinop.com.br\/wp-content\/uploads\/2023\/02\/27-mapa-6.png","datePublished":"2022-12-21T11:01:49+00:00","dateModified":"2023-02-26T18:18:01+00:00","breadcrumb":{"@id":"https:\/\/guiaturisticodesinop.com.br\/?page_id=67#breadcrumb"},"inLanguage":"pt-BR","potentialAction":[{"@type":"ReadAction","target":["https:\/\/guiaturisticodesinop.com.br\/?page_id=67"]}]},{"@type":"ImageObject","inLanguage":"pt-BR","@id":"https:\/\/guiaturisticodesinop.com.br\/?page_id=67#primaryimage","url":"https:\/\/guiaturisticodesinop.com.br\/wp-content\/uploads\/2023\/02\/27-mapa-6.png","contentUrl":"https:\/\/guiaturisticodesinop.com.br\/wp-content\/uploads\/2023\/02\/27-mapa-6.png","width":1111,"height":354,"caption":"#Pra\u00e7a Arco do Triunfo #Sinop #Residencial Paris #Brinquedos para crian\u00e7as #Lazer #Academia ao livre #Quadras esportiva #Monumento Arco do Triunfo #Banheiro p\u00fablico #Acessibilidade"},{"@type":"BreadcrumbList","@id":"https:\/\/guiaturisticodesinop.com.br\/?page_id=67#breadcrumb","itemListElement":[{"@type":"ListItem","position":1,"name":"In\u00edcio","item":"https:\/\/guiaturisticodesinop.com.br\/"},{"@type":"ListItem","position":2,"name":"Sobre Sinop"}]},{"@type":"WebSite","@id":"https:\/\/guiaturisticodesinop.com.br\/#website","url":"https:\/\/guiaturisticodesinop.com.br\/","name":"GUIA TUR\u00cdSTICO DE SINOP","description":"A vitrine on-line do turismo em Sinop para o mundo!","publisher":{"@id":"https:\/\/guiaturisticodesinop.com.br\/#organization"},"potentialAction":[{"@type":"SearchAction","target":{"@type":"EntryPoint","urlTemplate":"https:\/\/guiaturisticodesinop.com.br\/?s={search_term_string}"},"query-input":{"@type":"PropertyValueSpecification","valueRequired":true,"valueName":"search_term_string"}}],"inLanguage":"pt-BR"},{"@type":"Organization","@id":"https:\/\/guiaturisticodesinop.com.br\/#organization","name":"GUIA TUR\u00cdSTICO DE SINOP","url":"https:\/\/guiaturisticodesinop.com.br\/","logo":{"@type":"ImageObject","inLanguage":"pt-BR","@id":"https:\/\/guiaturisticodesinop.com.br\/#\/schema\/logo\/image\/","url":"https:\/\/guiaturisticodesinop.com.br\/wp-content\/uploads\/2023\/02\/logo_marca_guia_turistico_de_sinop.png","contentUrl":"https:\/\/guiaturisticodesinop.com.br\/wp-content\/uploads\/2023\/02\/logo_marca_guia_turistico_de_sinop.png","width":250,"height":149,"caption":"GUIA TUR\u00cdSTICO DE SINOP"},"image":{"@id":"https:\/\/guiaturisticodesinop.com.br\/#\/schema\/logo\/image\/"},"sameAs":["https:\/\/www.facebook.com\/people\/Guia-Turstico-de-Sinop\/100089015200279\/","https:\/\/www.instagram.com\/guiaturisticodesinop"]}]}},"_links":{"self":[{"href":"https:\/\/guiaturisticodesinop.com.br\/index.php?rest_route=\/wp\/v2\/pages\/67","targetHints":{"allow":["GET"]}}],"collection":[{"href":"https:\/\/guiaturisticodesinop.com.br\/index.php?rest_route=\/wp\/v2\/pages"}],"about":[{"href":"https:\/\/guiaturisticodesinop.com.br\/index.php?rest_route=\/wp\/v2\/types\/page"}],"author":[{"embeddable":true,"href":"https:\/\/guiaturisticodesinop.com.br\/index.php?rest_route=\/wp\/v2\/users\/1"}],"replies":[{"embeddable":true,"href":"https:\/\/guiaturisticodesinop.com.br\/index.php?rest_route=%2Fwp%2Fv2%2Fcomments&post=67"}],"version-history":[{"count":13,"href":"https:\/\/guiaturisticodesinop.com.br\/index.php?rest_route=\/wp\/v2\/pages\/67\/revisions"}],"predecessor-version":[{"id":2056,"href":"https:\/\/guiaturisticodesinop.com.br\/index.php?rest_route=\/wp\/v2\/pages\/67\/revisions\/2056"}],"wp:featuredmedia":[{"embeddable":true,"href":"https:\/\/guiaturisticodesinop.com.br\/index.php?rest_route=\/wp\/v2\/media\/2406"}],"wp:attachment":[{"href":"https:\/\/guiaturisticodesinop.com.br\/index.php?rest_route=%2Fwp%2Fv2%2Fmedia&parent=67"}],"curies":[{"name":"wp","href":"https:\/\/api.w.org\/{rel}","templated":true}]}}