{"id":3180,"date":"2025-06-23T16:39:00","date_gmt":"2025-06-23T20:39:00","guid":{"rendered":"https:\/\/guiaturisticodesinop.com.br\/?page_id=3180"},"modified":"2025-07-02T20:22:20","modified_gmt":"2025-07-03T00:22:20","slug":"praca-arco-do-triunfo","status":"publish","type":"page","link":"https:\/\/guiaturisticodesinop.com.br\/?page_id=3180","title":{"rendered":"Pra\u00e7a Arco do Triunfo"},"content":{"rendered":"\n<!DOCTYPE html PUBLIC \"-\/\/W3C\/\/DTD XHTML 1.0 Transitional\/\/EN\" \"http:\/\/www.w3.org\/TR\/xhtml1\/DTD\/xhtml1-transitional.dtd\">\n<html xmlns=\"http:\/\/www.w3.org\/1999\/xhtml\">\n<head>\n<meta http-equiv=\"Content-Type\" content=\"text\/html; charset=utf-8\" \/>\n<title>Pra\u00e7a Arco do Triunfo &#8211; Sinop &#8211; Mato Grosso<\/title>\n\n<!--Inicio das Tags de SEO, mecanismos sensivel ao moteres de buscas Google, Bing e outros-->\n<!--#Pra\u00e7a Arco do Triunfo #Sinop-->\n<!--#Arco do Triunfo #Sinop-->\n<!--#Sinop #Mato_Grosso-->\n<!--#Pra\u00e7as #Sinop #Mato_Grosso-->\n<!--#Quadra esportiva #Sinop #Mato_Grosso-->\n<!--#Sinop #Mato_Grosso-->\n<!--#Brinquedos infantil #Sinop #Mato Grosso-->\n<!--#Brinquedo para crian\u00e7a #Sinop #Mato_Grosso-->\n<!--#Academia ao ar livre #Sinop #Mato Grosso-->\n\n<!--Fim das Tags de SEO-->\n<\/head>\n\n<body>\n<img decoding=\"async\" src=\"http:\/\/guiaturisticodesinop.com.br\/praca_arco_do_triunfo_sinop\/praca_arco_do_triunfo_sinop_logo.png\" alt=\"Pra\u00e7a Arco do Triunfo - Sinop - Mato Grosso\" hspace=\"5\"><br><br>\n<\/body>\n<\/html>\n\n\n\n<p align=\"justify\" style=\"color: #000; font-size: 25px \">\nA <b>Pra\u00e7a Arco do Triunfo<\/b> representa um importante conjunto de equipamentos de lazer para a sociedade sinopense e visitantes da cidade em geral.\n\n<br>\nA pra\u00e7a est\u00e1 localizada no bairro Residencial Paris em Sinop e foi idealizada e concebida como parte integrante do paisagismo e infraestrutura do bairro, sua finalidade \u00e9 servir como alternativa de lazer, contempla\u00e7\u00e3o da natureza e pr\u00e1tica esportiva.\n<br>\nA pra\u00e7a possui academia ao ar livre, quadras esportivas, brinquedos infantis, banheiro p\u00fablico e \u00e9 toda arborizada, trata-se de um local excelente para descanso, relaxamento, intera\u00e7\u00e3o e conviv\u00eancia social.\n<br>\nUma das grandes atra\u00e7\u00f5es da pra\u00e7a \u00e9 o Arco do Triunfo que representa uma r\u00e9plica simb\u00f3lica do monumento de Paris, o atrativo \u00e9 ideal para fotos e contempla\u00e7\u00e3o. \n<br><br>\n<b>Estrutura \/ Equipamentos de lazer:<\/b>\n<br>\n&#8211; Monumento Arco do Triunfo\n<br>\n&#8211; Bancos\n<br>\n&#8211; Chafariz\n<br>\n&#8211; Acessibilidade com pisos t\u00e1teis e rampas de acesso\n<br>\n&#8211; Brinquedos para crian\u00e7as\n<br>\n&#8211; Quadra esportiva\n<br>\n&#8211; Academia ao ar livre\n<br>\n&#8211; Banheiro p\u00fablico\n<br>\n&#8211; Carregador de carro el\u00e9trico BMW\n<br>\n<\/p>\n\n\n\n<div id=\"metaslider-id-3220\" style=\"width: 100%;\" class=\"ml-slider-3-99-0 metaslider metaslider-flex metaslider-3220 ml-slider ms-theme-bubble has-dots-nav\" role=\"region\" aria-label=\"Pra\u00e7a Arco do Triunfo\" data-width=\"615\">\n    <div id=\"metaslider_container_3220\">\n        <div id=\"metaslider_3220\">\n            <ul class='slides'>\n                <li style=\"display: block; width: 100%;\" class=\"slide-3242 ms-image \" aria-roledescription=\"slide\" data-date=\"2025-06-24 11:35:38\"><img fetchpriority=\"high\" decoding=\"async\" src=\"https:\/\/guiaturisticodesinop.com.br\/wp-content\/uploads\/2025\/06\/praca_arco_do_triunfo_sinop1-601x405.png\" height=\"415\" width=\"615\" alt=\"Pra\u00e7a Arco do Triunfo em Sinop - Mato Grosso\" class=\"slider-3220 slide-3242 msDefaultImage\" title=\"praca_arco_do_triunfo_sinop1\" \/><div class=\"caption-wrap\"><div class=\"caption\"><div><br \/><\/div><\/div><\/div><\/li>\n                <li style=\"display: none; width: 100%;\" class=\"slide-3243 ms-image \" aria-roledescription=\"slide\" data-date=\"2025-06-24 11:35:38\"><img decoding=\"async\" src=\"https:\/\/guiaturisticodesinop.com.br\/wp-content\/uploads\/2025\/06\/praca_arco_do_triunfo_sinop2-601x405.png\" height=\"415\" width=\"615\" alt=\"\" class=\"slider-3220 slide-3243 msDefaultImage\" title=\"praca_arco_do_triunfo_sinop2\" \/><div class=\"caption-wrap\"><div class=\"caption\"><div><br \/><\/div><\/div><\/div><\/li>\n                <li style=\"display: none; width: 100%;\" class=\"slide-3244 ms-image \" aria-roledescription=\"slide\" data-date=\"2025-06-24 11:35:38\"><img decoding=\"async\" src=\"https:\/\/guiaturisticodesinop.com.br\/wp-content\/uploads\/2025\/06\/praca_arco_do_triunfo_sinop3-601x405.png\" height=\"415\" width=\"615\" alt=\"\" class=\"slider-3220 slide-3244 msDefaultImage\" title=\"praca_arco_do_triunfo_sinop3\" \/><div class=\"caption-wrap\"><div class=\"caption\"><div><br \/><\/div><\/div><\/div><\/li>\n                <li style=\"display: none; width: 100%;\" class=\"slide-3245 ms-image \" aria-roledescription=\"slide\" data-date=\"2025-06-24 11:35:38\"><img loading=\"lazy\" decoding=\"async\" src=\"https:\/\/guiaturisticodesinop.com.br\/wp-content\/uploads\/2025\/06\/praca_arco_do_triunfo_sinop4-601x405.png\" height=\"415\" width=\"615\" alt=\"\" class=\"slider-3220 slide-3245 msDefaultImage\" title=\"praca_arco_do_triunfo_sinop4\" \/><div class=\"caption-wrap\"><div class=\"caption\"><div><br \/><\/div><\/div><\/div><\/li>\n                <li style=\"display: none; width: 100%;\" class=\"slide-3246 ms-image \" aria-roledescription=\"slide\" data-date=\"2025-06-24 11:35:38\"><img loading=\"lazy\" decoding=\"async\" src=\"https:\/\/guiaturisticodesinop.com.br\/wp-content\/uploads\/2025\/06\/praca_arco_do_triunfo_sinop5-601x405.png\" height=\"415\" width=\"615\" alt=\"\" class=\"slider-3220 slide-3246 msDefaultImage\" title=\"praca_arco_do_triunfo_sinop5\" \/><div class=\"caption-wrap\"><div class=\"caption\"><div><br \/><\/div><\/div><\/div><\/li>\n                <li style=\"display: none; width: 100%;\" class=\"slide-3247 ms-image \" aria-roledescription=\"slide\" data-date=\"2025-06-24 11:35:38\"><img loading=\"lazy\" decoding=\"async\" src=\"https:\/\/guiaturisticodesinop.com.br\/wp-content\/uploads\/2025\/06\/praca_arco_do_triunfo_sinop6-601x405.png\" height=\"415\" width=\"615\" alt=\"\" class=\"slider-3220 slide-3247 msDefaultImage\" title=\"praca_arco_do_triunfo_sinop6\" \/><div class=\"caption-wrap\"><div class=\"caption\"><div><br \/><\/div><\/div><\/div><\/li>\n                <li style=\"display: none; width: 100%;\" class=\"slide-3248 ms-image \" aria-roledescription=\"slide\" data-date=\"2025-06-24 11:35:38\"><img loading=\"lazy\" decoding=\"async\" src=\"https:\/\/guiaturisticodesinop.com.br\/wp-content\/uploads\/2025\/06\/praca_arco_do_triunfo_sinop7-601x405.png\" height=\"415\" width=\"615\" alt=\"\" class=\"slider-3220 slide-3248 msDefaultImage\" title=\"praca_arco_do_triunfo_sinop7\" \/><div class=\"caption-wrap\"><div class=\"caption\"><div><br \/><\/div><\/div><\/div><\/li>\n                <li style=\"display: none; width: 100%;\" class=\"slide-3249 ms-image \" aria-roledescription=\"slide\" data-date=\"2025-06-24 11:35:39\"><img loading=\"lazy\" decoding=\"async\" src=\"https:\/\/guiaturisticodesinop.com.br\/wp-content\/uploads\/2025\/06\/praca_arco_do_triunfo_sinop8-601x405.png\" height=\"415\" width=\"615\" alt=\"\" class=\"slider-3220 slide-3249 msDefaultImage\" title=\"praca_arco_do_triunfo_sinop8\" \/><div class=\"caption-wrap\"><div class=\"caption\"><div><br \/><\/div><\/div><\/div><\/li>\n                <li style=\"display: none; width: 100%;\" class=\"slide-3250 ms-image \" aria-roledescription=\"slide\" data-date=\"2025-06-24 11:35:39\"><img loading=\"lazy\" decoding=\"async\" src=\"https:\/\/guiaturisticodesinop.com.br\/wp-content\/uploads\/2025\/06\/praca_arco_do_triunfo_sinop9-601x405.png\" height=\"415\" width=\"615\" alt=\"\" class=\"slider-3220 slide-3250 msDefaultImage\" title=\"praca_arco_do_triunfo_sinop9\" \/><div class=\"caption-wrap\"><div class=\"caption\"><div><br \/><\/div><\/div><\/div><\/li>\n            <\/ul>\n        <\/div>\n        \n    <\/div>\n<\/div>\n\n\n\n<br><p class=\"has-text-align-left\"><strong>Pra\u00e7a Arco do Triunfo<\/strong><\/p>\n\nBairro: Residencial Paris<br>\nPr\u00f3ximo ao Campus II da Fasip<br>\nSinop\/MT\n<br><br>\n\n\n\n<hr style=\"width: 99.8%; height: 2px; text-align:center\" color=\"#A9A9A9\"\/><br>\n\n\n\n<p><center><img decoding=\"async\" src=\"http:\/\/guiaturisticodesinop.com.br\/vale_do_mirante_sinop\/cadastur.png\" alt=\"Cadastur\" hspace=\"5\"><\/center><\/p>\n\n\n\n<br><p><center><strong>Consulte o portal do Cadastur \/ Minist\u00e9rio do Turismo:<\/strong> <a href=\"https:\/\/cadastur.turismo.gov.br\/hotsite\/\" target=\"_blank\" rel=\"noreferrer noopener\"><br><br>Clicar aqui<\/a><\/center><\/p><br>\n\n\n\n<p align=\"justify\" style=\"color: #000; font-size: 25px \">\n#Pra\u00e7aArcoDoTriunfo #Sinop #ResidencialParis #BrinquedosParaCrian\u00e7as #Lazer #AcademiaAoLivre #QuadrasEsportiva #MonumentoArcoDoTriunfo #BanheiroP\u00fablico #Acessibilidade #CarregadorDeCarroEl\u00e9tricoBMW #PisosT\u00e1teis #RampasDeAcesso\n<\/p>\n","protected":false},"excerpt":{"rendered":"<p>Pra\u00e7a Arco do Triunfo &#8211; Sinop &#8211; Mato Grosso A Pra\u00e7a Arco do Triunfo representa um importante conjunto de equipamentos de lazer para a sociedade sinopense e visitantes da cidade em geral. A pra\u00e7a est\u00e1 localizada no bairro Residencial Paris em Sinop e foi idealizada e concebida como parte integrante [&hellip;]<\/p>\n","protected":false},"author":1,"featured_media":2406,"parent":0,"menu_order":0,"comment_status":"closed","ping_status":"closed","template":"","meta":{"_themeisle_gutenberg_block_has_review":false,"footnotes":""},"class_list":["post-3180","page","type-page","status-publish","has-post-thumbnail","hentry"],"yoast_head":"<!-- This site is optimized with the Yoast SEO plugin v25.3.1 - https:\/\/yoast.com\/wordpress\/plugins\/seo\/ -->\n<title>Pra\u00e7a Arco do Triunfo - GUIA TUR\u00cdSTICO DE SINOP<\/title>\n<meta name=\"description\" content=\"#Pra\u00e7aArcoDoTriunfo #Sinop #ResidencialParis #BrinquedosParaCrian\u00e7as #Lazer #AcademiaAoLivre #QuadrasEsportiva #MonumentoArcoDoTriunfo #BanheiroP\u00fablico #Acessibilidade #CarregadorDeCarroEl\u00e9tricoBMW #PisosT\u00e1teis #RampasDeAcesso\" \/>\n<meta name=\"robots\" content=\"index, follow, max-snippet:-1, max-image-preview:large, max-video-preview:-1\" \/>\n<link rel=\"canonical\" href=\"http:\/\/guiaturisticodesinop.com.br\/?page_id=3180\" \/>\n<meta property=\"og:locale\" content=\"pt_BR\" \/>\n<meta property=\"og:type\" content=\"article\" \/>\n<meta property=\"og:title\" content=\"Pra\u00e7a Arco do Triunfo - GUIA TUR\u00cdSTICO DE SINOP\" \/>\n<meta property=\"og:description\" content=\"#Pra\u00e7aArcoDoTriunfo #Sinop #ResidencialParis #BrinquedosParaCrian\u00e7as #Lazer #AcademiaAoLivre #QuadrasEsportiva #MonumentoArcoDoTriunfo #BanheiroP\u00fablico #Acessibilidade #CarregadorDeCarroEl\u00e9tricoBMW #PisosT\u00e1teis #RampasDeAcesso\" \/>\n<meta property=\"og:url\" content=\"http:\/\/guiaturisticodesinop.com.br\/?page_id=3180\" \/>\n<meta property=\"og:site_name\" content=\"GUIA TUR\u00cdSTICO DE SINOP\" \/>\n<meta property=\"article:publisher\" content=\"https:\/\/www.facebook.com\/people\/Guia-Turstico-de-Sinop\/100089015200279\/\" \/>\n<meta property=\"article:modified_time\" content=\"2025-07-03T00:22:20+00:00\" \/>\n<meta property=\"og:image\" content=\"http:\/\/guiaturisticodesinop.com.br\/wp-content\/uploads\/2023\/02\/27-mapa-6.png\" \/>\n\t<meta property=\"og:image:width\" content=\"1111\" \/>\n\t<meta property=\"og:image:height\" content=\"354\" \/>\n\t<meta property=\"og:image:type\" content=\"image\/png\" \/>\n<meta name=\"twitter:card\" content=\"summary_large_image\" \/>\n<meta name=\"twitter:label1\" content=\"Est. tempo de leitura\" \/>\n\t<meta name=\"twitter:data1\" content=\"2 minutos\" \/>\n<script type=\"application\/ld+json\" class=\"yoast-schema-graph\">{\"@context\":\"https:\/\/schema.org\",\"@graph\":[{\"@type\":\"WebPage\",\"@id\":\"http:\/\/guiaturisticodesinop.com.br\/?page_id=3180\",\"url\":\"http:\/\/guiaturisticodesinop.com.br\/?page_id=3180\",\"name\":\"Pra\u00e7a Arco do Triunfo - GUIA TUR\u00cdSTICO DE SINOP\",\"isPartOf\":{\"@id\":\"https:\/\/guiaturisticodesinop.com.br\/#website\"},\"primaryImageOfPage\":{\"@id\":\"http:\/\/guiaturisticodesinop.com.br\/?page_id=3180#primaryimage\"},\"image\":{\"@id\":\"http:\/\/guiaturisticodesinop.com.br\/?page_id=3180#primaryimage\"},\"thumbnailUrl\":\"https:\/\/guiaturisticodesinop.com.br\/wp-content\/uploads\/2023\/02\/27-mapa-6.png\",\"datePublished\":\"2025-06-23T20:39:00+00:00\",\"dateModified\":\"2025-07-03T00:22:20+00:00\",\"description\":\"#Pra\u00e7aArcoDoTriunfo #Sinop #ResidencialParis #BrinquedosParaCrian\u00e7as #Lazer #AcademiaAoLivre #QuadrasEsportiva #MonumentoArcoDoTriunfo #BanheiroP\u00fablico #Acessibilidade #CarregadorDeCarroEl\u00e9tricoBMW #PisosT\u00e1teis #RampasDeAcesso\",\"breadcrumb\":{\"@id\":\"http:\/\/guiaturisticodesinop.com.br\/?page_id=3180#breadcrumb\"},\"inLanguage\":\"pt-BR\",\"potentialAction\":[{\"@type\":\"ReadAction\",\"target\":[\"http:\/\/guiaturisticodesinop.com.br\/?page_id=3180\"]}]},{\"@type\":\"ImageObject\",\"inLanguage\":\"pt-BR\",\"@id\":\"http:\/\/guiaturisticodesinop.com.br\/?page_id=3180#primaryimage\",\"url\":\"https:\/\/guiaturisticodesinop.com.br\/wp-content\/uploads\/2023\/02\/27-mapa-6.png\",\"contentUrl\":\"https:\/\/guiaturisticodesinop.com.br\/wp-content\/uploads\/2023\/02\/27-mapa-6.png\",\"width\":1111,\"height\":354,\"caption\":\"#Pra\u00e7a Arco do Triunfo #Sinop #Residencial Paris #Brinquedos para crian\u00e7as #Lazer #Academia ao livre #Quadras esportiva #Monumento Arco do Triunfo #Banheiro p\u00fablico #Acessibilidade\"},{\"@type\":\"BreadcrumbList\",\"@id\":\"http:\/\/guiaturisticodesinop.com.br\/?page_id=3180#breadcrumb\",\"itemListElement\":[{\"@type\":\"ListItem\",\"position\":1,\"name\":\"In\u00edcio\",\"item\":\"https:\/\/guiaturisticodesinop.com.br\/\"},{\"@type\":\"ListItem\",\"position\":2,\"name\":\"Pra\u00e7a Arco do Triunfo\"}]},{\"@type\":\"WebSite\",\"@id\":\"https:\/\/guiaturisticodesinop.com.br\/#website\",\"url\":\"https:\/\/guiaturisticodesinop.com.br\/\",\"name\":\"GUIA TUR\u00cdSTICO DE SINOP\",\"description\":\"A vitrine on-line do turismo em Sinop para o mundo!\",\"publisher\":{\"@id\":\"https:\/\/guiaturisticodesinop.com.br\/#organization\"},\"potentialAction\":[{\"@type\":\"SearchAction\",\"target\":{\"@type\":\"EntryPoint\",\"urlTemplate\":\"https:\/\/guiaturisticodesinop.com.br\/?s={search_term_string}\"},\"query-input\":{\"@type\":\"PropertyValueSpecification\",\"valueRequired\":true,\"valueName\":\"search_term_string\"}}],\"inLanguage\":\"pt-BR\"},{\"@type\":\"Organization\",\"@id\":\"https:\/\/guiaturisticodesinop.com.br\/#organization\",\"name\":\"GUIA TUR\u00cdSTICO DE SINOP\",\"url\":\"https:\/\/guiaturisticodesinop.com.br\/\",\"logo\":{\"@type\":\"ImageObject\",\"inLanguage\":\"pt-BR\",\"@id\":\"https:\/\/guiaturisticodesinop.com.br\/#\/schema\/logo\/image\/\",\"url\":\"https:\/\/guiaturisticodesinop.com.br\/wp-content\/uploads\/2023\/02\/logo_marca_guia_turistico_de_sinop.png\",\"contentUrl\":\"https:\/\/guiaturisticodesinop.com.br\/wp-content\/uploads\/2023\/02\/logo_marca_guia_turistico_de_sinop.png\",\"width\":250,\"height\":149,\"caption\":\"GUIA TUR\u00cdSTICO DE SINOP\"},\"image\":{\"@id\":\"https:\/\/guiaturisticodesinop.com.br\/#\/schema\/logo\/image\/\"},\"sameAs\":[\"https:\/\/www.facebook.com\/people\/Guia-Turstico-de-Sinop\/100089015200279\/\",\"https:\/\/www.instagram.com\/guiaturisticodesinop\"]}]}<\/script>\n<!-- \/ Yoast SEO plugin. -->","yoast_head_json":{"title":"Pra\u00e7a Arco do Triunfo - GUIA TUR\u00cdSTICO DE SINOP","description":"#Pra\u00e7aArcoDoTriunfo #Sinop #ResidencialParis #BrinquedosParaCrian\u00e7as #Lazer #AcademiaAoLivre #QuadrasEsportiva #MonumentoArcoDoTriunfo #BanheiroP\u00fablico #Acessibilidade #CarregadorDeCarroEl\u00e9tricoBMW #PisosT\u00e1teis #RampasDeAcesso","robots":{"index":"index","follow":"follow","max-snippet":"max-snippet:-1","max-image-preview":"max-image-preview:large","max-video-preview":"max-video-preview:-1"},"canonical":"http:\/\/guiaturisticodesinop.com.br\/?page_id=3180","og_locale":"pt_BR","og_type":"article","og_title":"Pra\u00e7a Arco do Triunfo - GUIA TUR\u00cdSTICO DE SINOP","og_description":"#Pra\u00e7aArcoDoTriunfo #Sinop #ResidencialParis #BrinquedosParaCrian\u00e7as #Lazer #AcademiaAoLivre #QuadrasEsportiva #MonumentoArcoDoTriunfo #BanheiroP\u00fablico #Acessibilidade #CarregadorDeCarroEl\u00e9tricoBMW #PisosT\u00e1teis #RampasDeAcesso","og_url":"http:\/\/guiaturisticodesinop.com.br\/?page_id=3180","og_site_name":"GUIA TUR\u00cdSTICO DE SINOP","article_publisher":"https:\/\/www.facebook.com\/people\/Guia-Turstico-de-Sinop\/100089015200279\/","article_modified_time":"2025-07-03T00:22:20+00:00","og_image":[{"width":1111,"height":354,"url":"http:\/\/guiaturisticodesinop.com.br\/wp-content\/uploads\/2023\/02\/27-mapa-6.png","type":"image\/png"}],"twitter_card":"summary_large_image","twitter_misc":{"Est. tempo de leitura":"2 minutos"},"schema":{"@context":"https:\/\/schema.org","@graph":[{"@type":"WebPage","@id":"http:\/\/guiaturisticodesinop.com.br\/?page_id=3180","url":"http:\/\/guiaturisticodesinop.com.br\/?page_id=3180","name":"Pra\u00e7a Arco do Triunfo - GUIA TUR\u00cdSTICO DE SINOP","isPartOf":{"@id":"https:\/\/guiaturisticodesinop.com.br\/#website"},"primaryImageOfPage":{"@id":"http:\/\/guiaturisticodesinop.com.br\/?page_id=3180#primaryimage"},"image":{"@id":"http:\/\/guiaturisticodesinop.com.br\/?page_id=3180#primaryimage"},"thumbnailUrl":"https:\/\/guiaturisticodesinop.com.br\/wp-content\/uploads\/2023\/02\/27-mapa-6.png","datePublished":"2025-06-23T20:39:00+00:00","dateModified":"2025-07-03T00:22:20+00:00","description":"#Pra\u00e7aArcoDoTriunfo #Sinop #ResidencialParis #BrinquedosParaCrian\u00e7as #Lazer #AcademiaAoLivre #QuadrasEsportiva #MonumentoArcoDoTriunfo #BanheiroP\u00fablico #Acessibilidade #CarregadorDeCarroEl\u00e9tricoBMW #PisosT\u00e1teis #RampasDeAcesso","breadcrumb":{"@id":"http:\/\/guiaturisticodesinop.com.br\/?page_id=3180#breadcrumb"},"inLanguage":"pt-BR","potentialAction":[{"@type":"ReadAction","target":["http:\/\/guiaturisticodesinop.com.br\/?page_id=3180"]}]},{"@type":"ImageObject","inLanguage":"pt-BR","@id":"http:\/\/guiaturisticodesinop.com.br\/?page_id=3180#primaryimage","url":"https:\/\/guiaturisticodesinop.com.br\/wp-content\/uploads\/2023\/02\/27-mapa-6.png","contentUrl":"https:\/\/guiaturisticodesinop.com.br\/wp-content\/uploads\/2023\/02\/27-mapa-6.png","width":1111,"height":354,"caption":"#Pra\u00e7a Arco do Triunfo #Sinop #Residencial Paris #Brinquedos para crian\u00e7as #Lazer #Academia ao livre #Quadras esportiva #Monumento Arco do Triunfo #Banheiro p\u00fablico #Acessibilidade"},{"@type":"BreadcrumbList","@id":"http:\/\/guiaturisticodesinop.com.br\/?page_id=3180#breadcrumb","itemListElement":[{"@type":"ListItem","position":1,"name":"In\u00edcio","item":"https:\/\/guiaturisticodesinop.com.br\/"},{"@type":"ListItem","position":2,"name":"Pra\u00e7a Arco do Triunfo"}]},{"@type":"WebSite","@id":"https:\/\/guiaturisticodesinop.com.br\/#website","url":"https:\/\/guiaturisticodesinop.com.br\/","name":"GUIA TUR\u00cdSTICO DE SINOP","description":"A vitrine on-line do turismo em Sinop para o mundo!","publisher":{"@id":"https:\/\/guiaturisticodesinop.com.br\/#organization"},"potentialAction":[{"@type":"SearchAction","target":{"@type":"EntryPoint","urlTemplate":"https:\/\/guiaturisticodesinop.com.br\/?s={search_term_string}"},"query-input":{"@type":"PropertyValueSpecification","valueRequired":true,"valueName":"search_term_string"}}],"inLanguage":"pt-BR"},{"@type":"Organization","@id":"https:\/\/guiaturisticodesinop.com.br\/#organization","name":"GUIA TUR\u00cdSTICO DE SINOP","url":"https:\/\/guiaturisticodesinop.com.br\/","logo":{"@type":"ImageObject","inLanguage":"pt-BR","@id":"https:\/\/guiaturisticodesinop.com.br\/#\/schema\/logo\/image\/","url":"https:\/\/guiaturisticodesinop.com.br\/wp-content\/uploads\/2023\/02\/logo_marca_guia_turistico_de_sinop.png","contentUrl":"https:\/\/guiaturisticodesinop.com.br\/wp-content\/uploads\/2023\/02\/logo_marca_guia_turistico_de_sinop.png","width":250,"height":149,"caption":"GUIA TUR\u00cdSTICO DE SINOP"},"image":{"@id":"https:\/\/guiaturisticodesinop.com.br\/#\/schema\/logo\/image\/"},"sameAs":["https:\/\/www.facebook.com\/people\/Guia-Turstico-de-Sinop\/100089015200279\/","https:\/\/www.instagram.com\/guiaturisticodesinop"]}]}},"_links":{"self":[{"href":"https:\/\/guiaturisticodesinop.com.br\/index.php?rest_route=\/wp\/v2\/pages\/3180","targetHints":{"allow":["GET"]}}],"collection":[{"href":"https:\/\/guiaturisticodesinop.com.br\/index.php?rest_route=\/wp\/v2\/pages"}],"about":[{"href":"https:\/\/guiaturisticodesinop.com.br\/index.php?rest_route=\/wp\/v2\/types\/page"}],"author":[{"embeddable":true,"href":"https:\/\/guiaturisticodesinop.com.br\/index.php?rest_route=\/wp\/v2\/users\/1"}],"replies":[{"embeddable":true,"href":"https:\/\/guiaturisticodesinop.com.br\/index.php?rest_route=%2Fwp%2Fv2%2Fcomments&post=3180"}],"version-history":[{"count":17,"href":"https:\/\/guiaturisticodesinop.com.br\/index.php?rest_route=\/wp\/v2\/pages\/3180\/revisions"}],"predecessor-version":[{"id":3851,"href":"https:\/\/guiaturisticodesinop.com.br\/index.php?rest_route=\/wp\/v2\/pages\/3180\/revisions\/3851"}],"wp:featuredmedia":[{"embeddable":true,"href":"https:\/\/guiaturisticodesinop.com.br\/index.php?rest_route=\/wp\/v2\/media\/2406"}],"wp:attachment":[{"href":"https:\/\/guiaturisticodesinop.com.br\/index.php?rest_route=%2Fwp%2Fv2%2Fmedia&parent=3180"}],"curies":[{"name":"wp","href":"https:\/\/api.w.org\/{rel}","templated":true}]}}