{"id":3041,"date":"2025-06-19T21:03:47","date_gmt":"2025-06-20T01:03:47","guid":{"rendered":"https:\/\/guiaturisticodesinop.com.br\/?page_id=3041"},"modified":"2025-07-02T20:35:19","modified_gmt":"2025-07-03T00:35:19","slug":"trilha-da-bica-sinop-mt","status":"publish","type":"page","link":"https:\/\/guiaturisticodesinop.com.br\/?page_id=3041","title":{"rendered":"Trilha da Bica \u00a0| Sinop-MT"},"content":{"rendered":"\n<!DOCTYPE html PUBLIC \"-\/\/W3C\/\/DTD XHTML 1.0 Transitional\/\/EN\" \"http:\/\/www.w3.org\/TR\/xhtml1\/DTD\/xhtml1-transitional.dtd\">\n<html xmlns=\"http:\/\/www.w3.org\/1999\/xhtml\">\n<head>\n<meta http-equiv=\"Content-Type\" content=\"text\/html; charset=utf-8\" \/>\n<title>Casa do Artes\u00e3o em Sinop &#8211; Mato Grosso<\/title>\n\n<!--Inicio das Tags de SEO, mecanismos sensivel ao moteres de buscas Google, Bing e outros-->\n<!--#Casa do Artes\u00e3o #Sinop-->\n<!--#Sinop #Mato_Grosso-->\n<!--#Artesanato #Mato_Grosso-->\n<!--#Lembrancinhas #Sinop #Mato Grosso-->\n<!--#Souvenir #Sinop #Mato Grosso-->\n<!--#Artes\u00e3o #Sinop #Mato Grosso-->\n\n<!--Fim das Tags de SEO-->\n<\/head>\n\n<body>\n<img decoding=\"async\" src=\"http:\/\/guiaturisticodesinop.com.br\/trilha_da_bica_sinop\/trilha_da_bica_sinop_logo.png\" alt=\"Trilha da Bica - Sinop - Mato Grosso\" hspace=\"5\"><br><br>\n<\/body>\n<\/html>\n\n\n\n<p align=\"justify\" style=\"color: #000; font-size: 25px \">\nA <b>Trilha da Bica<\/b> localiza-se na Reserva R-2 e est\u00e1 inserida em um ecossistema composto de fauna e flora amaz\u00f4nica. <br>\nSabe-se que caminhar em meio \u00e0 natureza proporciona uma s\u00e9rie de benef\u00edcios para a sa\u00fade f\u00edsica e mental. Fazer uma caminhada na Trilha da Bica representa uma oportunidade valiosa para desenvolver a conscientiza\u00e7\u00e3o ambiental considerando que ao longo do percurso \u00e9 poss\u00edvel observar, aprender e valorizar a biodiversidade do local.\n<br><br>\n<\/p>\n\n\n\n<center>\n<img decoding=\"async\" src=\"http:\/\/guiaturisticodesinop.com.br\/trilha_da_bica_sinop\/trilha_da_bica_sinop_foto01.png\" alt=\"Trilha da Bica - Sinop - Mato Grosso\" hspace=\"5\"><br><br>\n<img decoding=\"async\" src=\"http:\/\/guiaturisticodesinop.com.br\/trilha_da_bica_sinop\/trilha_da_bica_sinop_foto02.png\" alt=\"Trilha da Bica - Sinop - Mato Grosso\" hspace=\"5\"><br><br>\n<\/center>\n\n\n\n\n\n<p class=\"has-text-align-left\"><strong>Trilha da Bica<\/strong><\/p>\n\n\n<p><strong>Site:<\/strong> <a href=\"https:\/\/www.apees.com.br\/\" target=\"_blank\" rel=\"noreferrer noopener\">Trilha da Bica<\/a><\/p>\n\n\n<p><img decoding=\"async\" width=\"35\" height=\"34\" class=\"wp-image-447\" style=\"width: 35px;\" src=\"http:\/\/guiaturisticodesinop.com.br\/wp-content\/uploads\/2022\/12\/instagram-2.png\" alt=\"Trilha da Bica\"> <a rel=\"noreferrer noopener\" href=\"https:\/\/www.instagram.com\/trilhadabicasnp\/\" target=\"_blank\">trilhadabicasnp<\/a><\/p>\nReserva R-2 <br>\nLocal de acesso: Av. das Ita\u00fabas &#8220;Em frente ao portal do entrada do Parque Jardim Bot\u00e2nico&#8221;\n<br>\nSinop\/MT\n<br><br>\n\n\n\n<hr style=\"width: 99.8%; height: 2px; text-align:center\" color=\"#A9A9A9\"\/><br>\n\n\n\n<p><center><img decoding=\"async\" src=\"http:\/\/guiaturisticodesinop.com.br\/vale_do_mirante_sinop\/cadastur.png\" alt=\"Cadastur\" hspace=\"5\"><\/center><\/p>\n\n\n\n<br><p><center><strong>Consulte o portal do Cadastur \/ Minist\u00e9rio do Turismo:<\/strong> <a href=\"https:\/\/cadastur.turismo.gov.br\/hotsite\/\" target=\"_blank\" rel=\"noreferrer noopener\"><br><br>Clicar aqui<\/a><\/center><\/p><br>\n\n\n\n<p align=\"justify\" style=\"color: #000; font-size: 25px \">\n\n<!--#Trilha da Bica #Sinop #Mato Grosso-->\n<!--#Sinop #Mato_Grosso-->\n<!--#Trilha Ecol\u00f3gica #Natureza-->\n<!--#Fauna #Sinop #Mato Grosso-->\n<!--#Flora #Sinop #Mato Grosso-->\n<!--#Caminhada #Sinop #Mato Grosso-->\n\n#Trilha da Bica #Sinop #Caminhada #Natureza #Fauna #Flora #Aventura\n<\/p>\n","protected":false},"excerpt":{"rendered":"<p>Casa do Artes\u00e3o em Sinop &#8211; Mato Grosso A Trilha da Bica localiza-se na Reserva R-2 e est\u00e1 inserida em um ecossistema composto de fauna e flora amaz\u00f4nica. Sabe-se que caminhar em meio \u00e0 natureza proporciona uma s\u00e9rie de benef\u00edcios para a sa\u00fade f\u00edsica e mental. Fazer uma caminhada na [&hellip;]<\/p>\n","protected":false},"author":1,"featured_media":2407,"parent":0,"menu_order":0,"comment_status":"closed","ping_status":"closed","template":"","meta":{"_themeisle_gutenberg_block_has_review":false,"footnotes":""},"class_list":["post-3041","page","type-page","status-publish","has-post-thumbnail","hentry"],"yoast_head":"<!-- This site is optimized with the Yoast SEO plugin v25.3.1 - https:\/\/yoast.com\/wordpress\/plugins\/seo\/ -->\n<title>Trilha da Bica \u00a0| Sinop-MT - GUIA TUR\u00cdSTICO DE SINOP<\/title>\n<meta name=\"description\" content=\"#Trilha da Bica #Sinop #Caminhada #Natureza #Fauna #Flora #Aventura\" \/>\n<meta name=\"robots\" content=\"index, follow, max-snippet:-1, max-image-preview:large, max-video-preview:-1\" \/>\n<link rel=\"canonical\" href=\"http:\/\/guiaturisticodesinop.com.br\/?page_id=3041\" \/>\n<meta property=\"og:locale\" content=\"pt_BR\" \/>\n<meta property=\"og:type\" content=\"article\" \/>\n<meta property=\"og:title\" content=\"Trilha da Bica \u00a0| Sinop-MT - GUIA TUR\u00cdSTICO DE SINOP\" \/>\n<meta property=\"og:description\" content=\"#Trilha da Bica #Sinop #Caminhada #Natureza #Fauna #Flora #Aventura\" \/>\n<meta property=\"og:url\" content=\"http:\/\/guiaturisticodesinop.com.br\/?page_id=3041\" \/>\n<meta property=\"og:site_name\" content=\"GUIA TUR\u00cdSTICO DE SINOP\" \/>\n<meta property=\"article:publisher\" content=\"https:\/\/www.facebook.com\/people\/Guia-Turstico-de-Sinop\/100089015200279\/\" \/>\n<meta property=\"article:modified_time\" content=\"2025-07-03T00:35:19+00:00\" \/>\n<meta property=\"og:image\" content=\"http:\/\/guiaturisticodesinop.com.br\/wp-content\/uploads\/2023\/02\/27-mapa-7.png\" \/>\n\t<meta property=\"og:image:width\" content=\"1111\" \/>\n\t<meta property=\"og:image:height\" content=\"354\" \/>\n\t<meta property=\"og:image:type\" content=\"image\/png\" \/>\n<meta name=\"twitter:card\" content=\"summary_large_image\" \/>\n<meta name=\"twitter:label1\" content=\"Est. tempo de leitura\" \/>\n\t<meta name=\"twitter:data1\" content=\"2 minutos\" \/>\n<script type=\"application\/ld+json\" class=\"yoast-schema-graph\">{\"@context\":\"https:\/\/schema.org\",\"@graph\":[{\"@type\":\"WebPage\",\"@id\":\"http:\/\/guiaturisticodesinop.com.br\/?page_id=3041\",\"url\":\"http:\/\/guiaturisticodesinop.com.br\/?page_id=3041\",\"name\":\"Trilha da Bica \u00a0| Sinop-MT - GUIA TUR\u00cdSTICO DE SINOP\",\"isPartOf\":{\"@id\":\"https:\/\/guiaturisticodesinop.com.br\/#website\"},\"primaryImageOfPage\":{\"@id\":\"http:\/\/guiaturisticodesinop.com.br\/?page_id=3041#primaryimage\"},\"image\":{\"@id\":\"http:\/\/guiaturisticodesinop.com.br\/?page_id=3041#primaryimage\"},\"thumbnailUrl\":\"https:\/\/guiaturisticodesinop.com.br\/wp-content\/uploads\/2023\/02\/27-mapa-7.png\",\"datePublished\":\"2025-06-20T01:03:47+00:00\",\"dateModified\":\"2025-07-03T00:35:19+00:00\",\"description\":\"#Trilha da Bica #Sinop #Caminhada #Natureza #Fauna #Flora #Aventura\",\"breadcrumb\":{\"@id\":\"http:\/\/guiaturisticodesinop.com.br\/?page_id=3041#breadcrumb\"},\"inLanguage\":\"pt-BR\",\"potentialAction\":[{\"@type\":\"ReadAction\",\"target\":[\"http:\/\/guiaturisticodesinop.com.br\/?page_id=3041\"]}]},{\"@type\":\"ImageObject\",\"inLanguage\":\"pt-BR\",\"@id\":\"http:\/\/guiaturisticodesinop.com.br\/?page_id=3041#primaryimage\",\"url\":\"https:\/\/guiaturisticodesinop.com.br\/wp-content\/uploads\/2023\/02\/27-mapa-7.png\",\"contentUrl\":\"https:\/\/guiaturisticodesinop.com.br\/wp-content\/uploads\/2023\/02\/27-mapa-7.png\",\"width\":1111,\"height\":354,\"caption\":\"#Pra\u00e7a Jardim Curitiba II #Sinop #Brinquedos para crian\u00e7as #Lazer #Academia ao livre #Quadras esportiva #Pergolado #Banheiro p\u00fablico #Obra de arte #F\u00e1bio Gomes Trindade\"},{\"@type\":\"BreadcrumbList\",\"@id\":\"http:\/\/guiaturisticodesinop.com.br\/?page_id=3041#breadcrumb\",\"itemListElement\":[{\"@type\":\"ListItem\",\"position\":1,\"name\":\"In\u00edcio\",\"item\":\"https:\/\/guiaturisticodesinop.com.br\/\"},{\"@type\":\"ListItem\",\"position\":2,\"name\":\"Trilha da Bica \u00a0| Sinop-MT\"}]},{\"@type\":\"WebSite\",\"@id\":\"https:\/\/guiaturisticodesinop.com.br\/#website\",\"url\":\"https:\/\/guiaturisticodesinop.com.br\/\",\"name\":\"GUIA TUR\u00cdSTICO DE SINOP\",\"description\":\"A vitrine on-line do turismo em Sinop para o mundo!\",\"publisher\":{\"@id\":\"https:\/\/guiaturisticodesinop.com.br\/#organization\"},\"potentialAction\":[{\"@type\":\"SearchAction\",\"target\":{\"@type\":\"EntryPoint\",\"urlTemplate\":\"https:\/\/guiaturisticodesinop.com.br\/?s={search_term_string}\"},\"query-input\":{\"@type\":\"PropertyValueSpecification\",\"valueRequired\":true,\"valueName\":\"search_term_string\"}}],\"inLanguage\":\"pt-BR\"},{\"@type\":\"Organization\",\"@id\":\"https:\/\/guiaturisticodesinop.com.br\/#organization\",\"name\":\"GUIA TUR\u00cdSTICO DE SINOP\",\"url\":\"https:\/\/guiaturisticodesinop.com.br\/\",\"logo\":{\"@type\":\"ImageObject\",\"inLanguage\":\"pt-BR\",\"@id\":\"https:\/\/guiaturisticodesinop.com.br\/#\/schema\/logo\/image\/\",\"url\":\"https:\/\/guiaturisticodesinop.com.br\/wp-content\/uploads\/2023\/02\/logo_marca_guia_turistico_de_sinop.png\",\"contentUrl\":\"https:\/\/guiaturisticodesinop.com.br\/wp-content\/uploads\/2023\/02\/logo_marca_guia_turistico_de_sinop.png\",\"width\":250,\"height\":149,\"caption\":\"GUIA TUR\u00cdSTICO DE SINOP\"},\"image\":{\"@id\":\"https:\/\/guiaturisticodesinop.com.br\/#\/schema\/logo\/image\/\"},\"sameAs\":[\"https:\/\/www.facebook.com\/people\/Guia-Turstico-de-Sinop\/100089015200279\/\",\"https:\/\/www.instagram.com\/guiaturisticodesinop\"]}]}<\/script>\n<!-- \/ Yoast SEO plugin. -->","yoast_head_json":{"title":"Trilha da Bica \u00a0| Sinop-MT - GUIA TUR\u00cdSTICO DE SINOP","description":"#Trilha da Bica #Sinop #Caminhada #Natureza #Fauna #Flora #Aventura","robots":{"index":"index","follow":"follow","max-snippet":"max-snippet:-1","max-image-preview":"max-image-preview:large","max-video-preview":"max-video-preview:-1"},"canonical":"http:\/\/guiaturisticodesinop.com.br\/?page_id=3041","og_locale":"pt_BR","og_type":"article","og_title":"Trilha da Bica \u00a0| Sinop-MT - GUIA TUR\u00cdSTICO DE SINOP","og_description":"#Trilha da Bica #Sinop #Caminhada #Natureza #Fauna #Flora #Aventura","og_url":"http:\/\/guiaturisticodesinop.com.br\/?page_id=3041","og_site_name":"GUIA TUR\u00cdSTICO DE SINOP","article_publisher":"https:\/\/www.facebook.com\/people\/Guia-Turstico-de-Sinop\/100089015200279\/","article_modified_time":"2025-07-03T00:35:19+00:00","og_image":[{"width":1111,"height":354,"url":"http:\/\/guiaturisticodesinop.com.br\/wp-content\/uploads\/2023\/02\/27-mapa-7.png","type":"image\/png"}],"twitter_card":"summary_large_image","twitter_misc":{"Est. tempo de leitura":"2 minutos"},"schema":{"@context":"https:\/\/schema.org","@graph":[{"@type":"WebPage","@id":"http:\/\/guiaturisticodesinop.com.br\/?page_id=3041","url":"http:\/\/guiaturisticodesinop.com.br\/?page_id=3041","name":"Trilha da Bica \u00a0| Sinop-MT - GUIA TUR\u00cdSTICO DE SINOP","isPartOf":{"@id":"https:\/\/guiaturisticodesinop.com.br\/#website"},"primaryImageOfPage":{"@id":"http:\/\/guiaturisticodesinop.com.br\/?page_id=3041#primaryimage"},"image":{"@id":"http:\/\/guiaturisticodesinop.com.br\/?page_id=3041#primaryimage"},"thumbnailUrl":"https:\/\/guiaturisticodesinop.com.br\/wp-content\/uploads\/2023\/02\/27-mapa-7.png","datePublished":"2025-06-20T01:03:47+00:00","dateModified":"2025-07-03T00:35:19+00:00","description":"#Trilha da Bica #Sinop #Caminhada #Natureza #Fauna #Flora #Aventura","breadcrumb":{"@id":"http:\/\/guiaturisticodesinop.com.br\/?page_id=3041#breadcrumb"},"inLanguage":"pt-BR","potentialAction":[{"@type":"ReadAction","target":["http:\/\/guiaturisticodesinop.com.br\/?page_id=3041"]}]},{"@type":"ImageObject","inLanguage":"pt-BR","@id":"http:\/\/guiaturisticodesinop.com.br\/?page_id=3041#primaryimage","url":"https:\/\/guiaturisticodesinop.com.br\/wp-content\/uploads\/2023\/02\/27-mapa-7.png","contentUrl":"https:\/\/guiaturisticodesinop.com.br\/wp-content\/uploads\/2023\/02\/27-mapa-7.png","width":1111,"height":354,"caption":"#Pra\u00e7a Jardim Curitiba II #Sinop #Brinquedos para crian\u00e7as #Lazer #Academia ao livre #Quadras esportiva #Pergolado #Banheiro p\u00fablico #Obra de arte #F\u00e1bio Gomes Trindade"},{"@type":"BreadcrumbList","@id":"http:\/\/guiaturisticodesinop.com.br\/?page_id=3041#breadcrumb","itemListElement":[{"@type":"ListItem","position":1,"name":"In\u00edcio","item":"https:\/\/guiaturisticodesinop.com.br\/"},{"@type":"ListItem","position":2,"name":"Trilha da Bica \u00a0| Sinop-MT"}]},{"@type":"WebSite","@id":"https:\/\/guiaturisticodesinop.com.br\/#website","url":"https:\/\/guiaturisticodesinop.com.br\/","name":"GUIA TUR\u00cdSTICO DE SINOP","description":"A vitrine on-line do turismo em Sinop para o mundo!","publisher":{"@id":"https:\/\/guiaturisticodesinop.com.br\/#organization"},"potentialAction":[{"@type":"SearchAction","target":{"@type":"EntryPoint","urlTemplate":"https:\/\/guiaturisticodesinop.com.br\/?s={search_term_string}"},"query-input":{"@type":"PropertyValueSpecification","valueRequired":true,"valueName":"search_term_string"}}],"inLanguage":"pt-BR"},{"@type":"Organization","@id":"https:\/\/guiaturisticodesinop.com.br\/#organization","name":"GUIA TUR\u00cdSTICO DE SINOP","url":"https:\/\/guiaturisticodesinop.com.br\/","logo":{"@type":"ImageObject","inLanguage":"pt-BR","@id":"https:\/\/guiaturisticodesinop.com.br\/#\/schema\/logo\/image\/","url":"https:\/\/guiaturisticodesinop.com.br\/wp-content\/uploads\/2023\/02\/logo_marca_guia_turistico_de_sinop.png","contentUrl":"https:\/\/guiaturisticodesinop.com.br\/wp-content\/uploads\/2023\/02\/logo_marca_guia_turistico_de_sinop.png","width":250,"height":149,"caption":"GUIA TUR\u00cdSTICO DE SINOP"},"image":{"@id":"https:\/\/guiaturisticodesinop.com.br\/#\/schema\/logo\/image\/"},"sameAs":["https:\/\/www.facebook.com\/people\/Guia-Turstico-de-Sinop\/100089015200279\/","https:\/\/www.instagram.com\/guiaturisticodesinop"]}]}},"_links":{"self":[{"href":"https:\/\/guiaturisticodesinop.com.br\/index.php?rest_route=\/wp\/v2\/pages\/3041","targetHints":{"allow":["GET"]}}],"collection":[{"href":"https:\/\/guiaturisticodesinop.com.br\/index.php?rest_route=\/wp\/v2\/pages"}],"about":[{"href":"https:\/\/guiaturisticodesinop.com.br\/index.php?rest_route=\/wp\/v2\/types\/page"}],"author":[{"embeddable":true,"href":"https:\/\/guiaturisticodesinop.com.br\/index.php?rest_route=\/wp\/v2\/users\/1"}],"replies":[{"embeddable":true,"href":"https:\/\/guiaturisticodesinop.com.br\/index.php?rest_route=%2Fwp%2Fv2%2Fcomments&post=3041"}],"version-history":[{"count":16,"href":"https:\/\/guiaturisticodesinop.com.br\/index.php?rest_route=\/wp\/v2\/pages\/3041\/revisions"}],"predecessor-version":[{"id":3852,"href":"https:\/\/guiaturisticodesinop.com.br\/index.php?rest_route=\/wp\/v2\/pages\/3041\/revisions\/3852"}],"wp:featuredmedia":[{"embeddable":true,"href":"https:\/\/guiaturisticodesinop.com.br\/index.php?rest_route=\/wp\/v2\/media\/2407"}],"wp:attachment":[{"href":"https:\/\/guiaturisticodesinop.com.br\/index.php?rest_route=%2Fwp%2Fv2%2Fmedia&parent=3041"}],"curies":[{"name":"wp","href":"https:\/\/api.w.org\/{rel}","templated":true}]}}