{"id":1908,"date":"2023-02-14T07:25:38","date_gmt":"2023-02-14T11:25:38","guid":{"rendered":"http:\/\/guiaturisticodesinop.com.br\/?page_id=1908"},"modified":"2025-07-01T15:01:06","modified_gmt":"2025-07-01T19:01:06","slug":"parque-florestal-sinop-mt","status":"publish","type":"page","link":"https:\/\/guiaturisticodesinop.com.br\/?page_id=1908","title":{"rendered":"Parque Florestal &#8211; Sinop\/MT"},"content":{"rendered":"\n<p align=\"justify\" style=\"color: #000; font-size: 25px \">\n\n\n\n<img decoding=\"async\" src=\"http:\/\/guiaturisticodesinop.com.br\/wp-content\/uploads\/2025\/06\/parque_florestal_sinop_logo2.png\" alt=\"Orla Parque Florestal - Sinop - Mato Grosso\" hspace=\"5\"><br><br>\n\n\n\nO Parque Florestal de Sinop foi idealizado e concebido com o objetivo de proporcionar lazer a comunidade sinopense e seus visitantes. A Reserva Ecol\u00f3gica \u00e9 composta predominantemente de fauna e flora nativa da Amaz\u00f4nia Mato-grossense. Trata-se de um ponto tur\u00edstico de visita\u00e7\u00e3o p\u00fablica, possui uma \u00e1rea de 43,56 hectares com um lago de 30.000 metros quadrados e uma nascente dentro da pr\u00f3pria reserva. A mata nativa permanece preservada, com v\u00e1rias esp\u00e9cies de animais silvestres. Como \u00e1rea de conserva\u00e7\u00e3o ambiental, o Parque Florestal \u00e9 um grande referencial para o munic\u00edpio por situar-se em \u00e1rea urbana central, representa um grande atrativo natural, gerando lazer \u00e0 sociedade e aos turistas, movimentando a economia local. Com a aprova\u00e7\u00e3o da Lei Municipal n\u00b0 2067\/2014, de 09 de dezembro de 2014, o Parque Florestal de Sinop passou a ser uma Unidade de Conserva\u00e7\u00e3o Municipal, na categoria Parque Natural Municipal. A Lei transforma o Parque em Unidade de Conserva\u00e7\u00e3o com o objetivo b\u00e1sico de preservar os ecossistemas naturais existentes, possibilitando a realiza\u00e7\u00e3o de pesquisas cient\u00edficas e o desenvolvimento de atividades de educa\u00e7\u00e3o ambiental e de turismo ecol\u00f3gico.\n<br><br>\n\n<b>Estrutura \/ Atrativos e Equipamentos de lazer do Parque Florestal:<\/b>\n<br>\n&#8211; Portal da entrada\n<br>\n&#8211; Sede administrativa\n<br>\n&#8211; Lago \n<br>\n&#8211; Trilhas ecol\u00f3gica\n<br>\n&#8211; \u00c1rea verde\n<br>\n&#8211; Passarela com mirante\n<br>\n&#8211; Quadra esportiva\n<br>\n&#8211; Banheiro p\u00fablico\n<br><br>\n\n<b>Flora do Parque Florestal<\/b>\n<br><br>\nA flora presente no <b>Parque Florestal<\/b> \u00e9 formada predominantemente por \u00e1rea de floresta, com \u00e1rvores bastante altas e robustas, esp\u00e9cies nativas do bioma amaz\u00f4nico. \n\nS\u00e3o alguns exemplos de esp\u00e9cies de arvores presentes no parque e que fazem parte do bioma: Cordia bicolor, Erisma uncinatum, Schefflera morototoni, Diplotropis purpurea, Genipa americana, Qualea paraensis, Hevea brasiliensis, Jacaranda copaia, Parkia pendula Benth, Aspidosperma discolor, Diplotropis purpurea, Erisma uncinatum, Talisia esculenta entre tantas outras esp\u00e9cies nativas.\n<br><br>\n\n<b>Fauna do Parque Florestal<\/b>\n<br><br>\nA riqueza da fauna existente no <b>Parque Florestal<\/b> \u00e9 incalcul\u00e1vel, sendo que dezenas de esp\u00e9cies de animais como insetos, anf\u00edbios, mam\u00edferos e r\u00e9pteis s\u00e3o reconhecidas e encontradas no local, fazendo parte de uma complexa e rica teia alimentar.\n\nDentre os animais encontrados no Parque Florestal, podemos destacar: jacar\u00e9s, serpente como a jiboia, sapos, r\u00e3s e pererecas, uma grande variedade de aves como tucanos, araras e papagaios, insetos como formigas, mariposas, borboletas e besouros tamb\u00e9m s\u00e3o abundantes.\nN\u00e3o podemos esquecer dos mam\u00edferos como as cotias e as capivaras que habitam o parque, os primatas tamb\u00e9m merecem aten\u00e7\u00e3o quando o assunto \u00e9 a fauna do Parque Florestal com destaque para os Macacos-aranha, Zoque-zoque, Macaco-prego e Sagui-de-snethlege.\n\n<\/p>\n\n\n\n<div id=\"metaslider-id-3695\" style=\"width: 100%;\" class=\"ml-slider-3-99-0 metaslider metaslider-flex metaslider-3695 ml-slider hide-navigation-desktop ms-theme-bubble has-dots-nav\" role=\"region\" aria-label=\"New Slideshow\" data-width=\"601\">\n    <div id=\"metaslider_container_3695\">\n        <div id=\"metaslider_3695\">\n            <ul class='slides'>\n                <li style=\"display: block; width: 100%;\" class=\"slide-3706 ms-image \" aria-roledescription=\"slide\" data-date=\"2025-06-30 09:44:04\"><img fetchpriority=\"high\" decoding=\"async\" src=\"https:\/\/guiaturisticodesinop.com.br\/wp-content\/uploads\/2025\/06\/parque_florestal_sinop01.png\" height=\"415\" width=\"601\" alt=\"\" class=\"slider-3695 slide-3706 msDefaultImage\" \/><\/li>\n                <li style=\"display: none; width: 100%;\" class=\"slide-3707 ms-image \" aria-roledescription=\"slide\" data-date=\"2025-06-30 09:44:04\"><img decoding=\"async\" src=\"https:\/\/guiaturisticodesinop.com.br\/wp-content\/uploads\/2025\/06\/parque_florestal_sinop04.png\" height=\"415\" width=\"601\" alt=\"\" class=\"slider-3695 slide-3707 msDefaultImage\" title=\"parque_florestal_sinop04\" \/><\/li>\n                <li style=\"display: none; width: 100%;\" class=\"slide-3708 ms-image \" aria-roledescription=\"slide\" data-date=\"2025-06-30 09:44:04\"><img decoding=\"async\" src=\"https:\/\/guiaturisticodesinop.com.br\/wp-content\/uploads\/2025\/06\/parque_florestal_sinop05-601x415.png\" height=\"415\" width=\"601\" alt=\"\" class=\"slider-3695 slide-3708 msDefaultImage\" title=\"parque_florestal_sinop05\" \/><\/li>\n                <li style=\"display: none; width: 100%;\" class=\"slide-3709 ms-image \" aria-roledescription=\"slide\" data-date=\"2025-06-30 09:44:04\"><img loading=\"lazy\" decoding=\"async\" src=\"https:\/\/guiaturisticodesinop.com.br\/wp-content\/uploads\/2025\/06\/parque_florestal_sinop06-601x415.png\" height=\"415\" width=\"601\" alt=\"\" class=\"slider-3695 slide-3709 msDefaultImage\" title=\"parque_florestal_sinop06\" \/><\/li>\n                <li style=\"display: none; width: 100%;\" class=\"slide-3710 ms-image \" aria-roledescription=\"slide\" data-date=\"2025-06-30 09:44:04\"><img loading=\"lazy\" decoding=\"async\" src=\"https:\/\/guiaturisticodesinop.com.br\/wp-content\/uploads\/2025\/06\/parque_florestal_sinop07-601x415.png\" height=\"415\" width=\"601\" alt=\"\" class=\"slider-3695 slide-3710 msDefaultImage\" title=\"parque_florestal_sinop07\" \/><\/li>\n                <li style=\"display: none; width: 100%;\" class=\"slide-3711 ms-image \" aria-roledescription=\"slide\" data-date=\"2025-06-30 09:44:04\"><img loading=\"lazy\" decoding=\"async\" src=\"https:\/\/guiaturisticodesinop.com.br\/wp-content\/uploads\/2025\/06\/parque_florestal_sinop09-601x415.png\" height=\"415\" width=\"601\" alt=\"\" class=\"slider-3695 slide-3711 msDefaultImage\" title=\"parque_florestal_sinop09\" \/><\/li>\n                <li style=\"display: none; width: 100%;\" class=\"slide-3712 ms-image \" aria-roledescription=\"slide\" data-date=\"2025-06-30 09:44:05\"><img loading=\"lazy\" decoding=\"async\" src=\"https:\/\/guiaturisticodesinop.com.br\/wp-content\/uploads\/2025\/06\/parque_florestal_sinop11-601x415.png\" height=\"415\" width=\"601\" alt=\"\" class=\"slider-3695 slide-3712 msDefaultImage\" title=\"parque_florestal_sinop11\" \/><\/li>\n                <li style=\"display: none; width: 100%;\" class=\"slide-3713 ms-image \" aria-roledescription=\"slide\" data-date=\"2025-06-30 09:44:05\"><img loading=\"lazy\" decoding=\"async\" src=\"https:\/\/guiaturisticodesinop.com.br\/wp-content\/uploads\/2025\/06\/parque_florestal_sinop12-601x415.png\" height=\"415\" width=\"601\" alt=\"\" class=\"slider-3695 slide-3713 msDefaultImage\" title=\"parque_florestal_sinop12\" \/><\/li>\n                <li style=\"display: none; width: 100%;\" class=\"slide-3714 ms-image \" aria-roledescription=\"slide\" data-date=\"2025-06-30 09:44:06\"><img loading=\"lazy\" decoding=\"async\" src=\"https:\/\/guiaturisticodesinop.com.br\/wp-content\/uploads\/2025\/06\/parque_florestal_sinop13.png\" height=\"415\" width=\"601\" alt=\"\" class=\"slider-3695 slide-3714 msDefaultImage\" title=\"parque_florestal_sinop13\" \/><\/li>\n                <li style=\"display: none; width: 100%;\" class=\"slide-3715 ms-image \" aria-roledescription=\"slide\" data-date=\"2025-06-30 09:44:06\"><img loading=\"lazy\" decoding=\"async\" src=\"https:\/\/guiaturisticodesinop.com.br\/wp-content\/uploads\/2025\/06\/parque_florestal_sinop14-601x415.png\" height=\"415\" width=\"601\" alt=\"\" class=\"slider-3695 slide-3715 msDefaultImage\" title=\"parque_florestal_sinop14\" \/><\/li>\n            <\/ul>\n        <\/div>\n        \n    <\/div>\n<\/div>\n\n\n\n<br><p class=\"has-text-align-left\"><strong>Parque Florestal <\/strong><\/p>\n\n\n\n<p class=\"has-text-align-left has-black-color has-text-color\"><img loading=\"lazy\" decoding=\"async\" width=\"35\" height=\"35\" class=\"wp-image-660\" style=\"width: 35px;\" src=\"http:\/\/guiaturisticodesinop.com.br\/wp-content\/uploads\/2022\/12\/icone_telefone-1.png\" alt=\"\"><strong>66.3511-1802<\/strong><\/p>\n\n\n\n<p class=\"has-text-align-left has-black-color has-text-color\">R. das Orqu\u00eddeas, S\/N &#8211; Jardim Primaveras &#8211; Cep: 78550-4060 &#8211; Sinop-MT<\/p><br>\n\n\n\n<p><strong>Fonte da Pesquisa:<\/strong> <a href=\"https:\/\/www.sinop.mt.gov.br\/Secretarias\/Meio-ambiente-e-desenvolvimento-sustentavel\/Secretarias-competencia\/9\/\" target=\"_blank\" rel=\"noreferrer noopener\">Prefeitura Municipal de Sinop-MT<\/a><\/p><br>\n\n\n\n<hr style=\"width: 99.8%; height: 1px; text-align:center\" color=\"#A9A9A9\"\/><br>\n\n\n\n<center><img decoding=\"async\" src=\"http:\/\/guiaturisticodesinop.com.br\/orla_aquarela_brasil_sinop\/cadastur.png\" alt=\"Cadastur\" hspace=\"5\"><\/center>\n\n\n\n<br><p><center><strong>Consulte o portal do Cadastur \/ Minist\u00e9rio do Turismo:<\/strong> <a href=\"https:\/\/cadastur.turismo.gov.br\/hotsite\/\" target=\"_blank\" rel=\"noreferrer noopener\"><br><br>Clicar aqui<\/a><\/center><\/p><br>\n\n\n\n<p align=\"justify\" style=\"color: #000; font-size: 25px \">\n#Parque Florestal #Sinop #Passarela com mirante #Sede administrativa #Trilhas ecol\u00f3gicas #Quadras esportivas #Portal de entrada #Lago #\u00c1rea verde #Fauna #Flora\n<\/p>\n","protected":false},"excerpt":{"rendered":"<p>O Parque Florestal de Sinop foi idealizado e concebido com o objetivo de proporcionar lazer a comunidade sinopense e seus visitantes. A Reserva Ecol\u00f3gica \u00e9 composta predominantemente de fauna e flora nativa da Amaz\u00f4nia Mato-grossense. Trata-se de um ponto tur\u00edstico de visita\u00e7\u00e3o p\u00fablica, possui uma \u00e1rea de 43,56 hectares com [&hellip;]<\/p>\n","protected":false},"author":1,"featured_media":2407,"parent":0,"menu_order":0,"comment_status":"closed","ping_status":"closed","template":"","meta":{"_themeisle_gutenberg_block_has_review":false,"footnotes":""},"class_list":["post-1908","page","type-page","status-publish","has-post-thumbnail","hentry"],"yoast_head":"<!-- This site is optimized with the Yoast SEO plugin v25.3.1 - https:\/\/yoast.com\/wordpress\/plugins\/seo\/ -->\n<title>Parque Florestal - Sinop\/MT - GUIA TUR\u00cdSTICO DE SINOP<\/title>\n<meta name=\"robots\" content=\"index, follow, max-snippet:-1, max-image-preview:large, max-video-preview:-1\" \/>\n<link rel=\"canonical\" href=\"http:\/\/guiaturisticodesinop.com.br\/?page_id=1908\" \/>\n<meta property=\"og:locale\" content=\"pt_BR\" \/>\n<meta property=\"og:type\" content=\"article\" \/>\n<meta property=\"og:title\" content=\"Parque Florestal - Sinop\/MT - GUIA TUR\u00cdSTICO DE SINOP\" \/>\n<meta property=\"og:description\" content=\"O Parque Florestal de Sinop foi idealizado e concebido com o objetivo de proporcionar lazer a comunidade sinopense e seus visitantes. A Reserva Ecol\u00f3gica \u00e9 composta predominantemente de fauna e flora nativa da Amaz\u00f4nia Mato-grossense. Trata-se de um ponto tur\u00edstico de visita\u00e7\u00e3o p\u00fablica, possui uma \u00e1rea de 43,56 hectares com [&hellip;]\" \/>\n<meta property=\"og:url\" content=\"http:\/\/guiaturisticodesinop.com.br\/?page_id=1908\" \/>\n<meta property=\"og:site_name\" content=\"GUIA TUR\u00cdSTICO DE SINOP\" \/>\n<meta property=\"article:publisher\" content=\"https:\/\/www.facebook.com\/people\/Guia-Turstico-de-Sinop\/100089015200279\/\" \/>\n<meta property=\"article:modified_time\" content=\"2025-07-01T19:01:06+00:00\" \/>\n<meta property=\"og:image\" content=\"http:\/\/guiaturisticodesinop.com.br\/wp-content\/uploads\/2023\/02\/27-mapa-7.png\" \/>\n\t<meta property=\"og:image:width\" content=\"1111\" \/>\n\t<meta property=\"og:image:height\" content=\"354\" \/>\n\t<meta property=\"og:image:type\" content=\"image\/png\" \/>\n<meta name=\"twitter:card\" content=\"summary_large_image\" \/>\n<meta name=\"twitter:label1\" content=\"Est. tempo de leitura\" \/>\n\t<meta name=\"twitter:data1\" content=\"4 minutos\" \/>\n<script type=\"application\/ld+json\" class=\"yoast-schema-graph\">{\"@context\":\"https:\/\/schema.org\",\"@graph\":[{\"@type\":\"WebPage\",\"@id\":\"http:\/\/guiaturisticodesinop.com.br\/?page_id=1908\",\"url\":\"http:\/\/guiaturisticodesinop.com.br\/?page_id=1908\",\"name\":\"Parque Florestal - Sinop\/MT - GUIA TUR\u00cdSTICO DE SINOP\",\"isPartOf\":{\"@id\":\"https:\/\/guiaturisticodesinop.com.br\/#website\"},\"primaryImageOfPage\":{\"@id\":\"http:\/\/guiaturisticodesinop.com.br\/?page_id=1908#primaryimage\"},\"image\":{\"@id\":\"http:\/\/guiaturisticodesinop.com.br\/?page_id=1908#primaryimage\"},\"thumbnailUrl\":\"https:\/\/guiaturisticodesinop.com.br\/wp-content\/uploads\/2023\/02\/27-mapa-7.png\",\"datePublished\":\"2023-02-14T11:25:38+00:00\",\"dateModified\":\"2025-07-01T19:01:06+00:00\",\"breadcrumb\":{\"@id\":\"http:\/\/guiaturisticodesinop.com.br\/?page_id=1908#breadcrumb\"},\"inLanguage\":\"pt-BR\",\"potentialAction\":[{\"@type\":\"ReadAction\",\"target\":[\"http:\/\/guiaturisticodesinop.com.br\/?page_id=1908\"]}]},{\"@type\":\"ImageObject\",\"inLanguage\":\"pt-BR\",\"@id\":\"http:\/\/guiaturisticodesinop.com.br\/?page_id=1908#primaryimage\",\"url\":\"https:\/\/guiaturisticodesinop.com.br\/wp-content\/uploads\/2023\/02\/27-mapa-7.png\",\"contentUrl\":\"https:\/\/guiaturisticodesinop.com.br\/wp-content\/uploads\/2023\/02\/27-mapa-7.png\",\"width\":1111,\"height\":354,\"caption\":\"#Pra\u00e7a Jardim Curitiba II #Sinop #Brinquedos para crian\u00e7as #Lazer #Academia ao livre #Quadras esportiva #Pergolado #Banheiro p\u00fablico #Obra de arte #F\u00e1bio Gomes Trindade\"},{\"@type\":\"BreadcrumbList\",\"@id\":\"http:\/\/guiaturisticodesinop.com.br\/?page_id=1908#breadcrumb\",\"itemListElement\":[{\"@type\":\"ListItem\",\"position\":1,\"name\":\"In\u00edcio\",\"item\":\"https:\/\/guiaturisticodesinop.com.br\/\"},{\"@type\":\"ListItem\",\"position\":2,\"name\":\"Parque Florestal &#8211; Sinop\/MT\"}]},{\"@type\":\"WebSite\",\"@id\":\"https:\/\/guiaturisticodesinop.com.br\/#website\",\"url\":\"https:\/\/guiaturisticodesinop.com.br\/\",\"name\":\"GUIA TUR\u00cdSTICO DE SINOP\",\"description\":\"A vitrine on-line do turismo em Sinop para o mundo!\",\"publisher\":{\"@id\":\"https:\/\/guiaturisticodesinop.com.br\/#organization\"},\"potentialAction\":[{\"@type\":\"SearchAction\",\"target\":{\"@type\":\"EntryPoint\",\"urlTemplate\":\"https:\/\/guiaturisticodesinop.com.br\/?s={search_term_string}\"},\"query-input\":{\"@type\":\"PropertyValueSpecification\",\"valueRequired\":true,\"valueName\":\"search_term_string\"}}],\"inLanguage\":\"pt-BR\"},{\"@type\":\"Organization\",\"@id\":\"https:\/\/guiaturisticodesinop.com.br\/#organization\",\"name\":\"GUIA TUR\u00cdSTICO DE SINOP\",\"url\":\"https:\/\/guiaturisticodesinop.com.br\/\",\"logo\":{\"@type\":\"ImageObject\",\"inLanguage\":\"pt-BR\",\"@id\":\"https:\/\/guiaturisticodesinop.com.br\/#\/schema\/logo\/image\/\",\"url\":\"https:\/\/guiaturisticodesinop.com.br\/wp-content\/uploads\/2023\/02\/logo_marca_guia_turistico_de_sinop.png\",\"contentUrl\":\"https:\/\/guiaturisticodesinop.com.br\/wp-content\/uploads\/2023\/02\/logo_marca_guia_turistico_de_sinop.png\",\"width\":250,\"height\":149,\"caption\":\"GUIA TUR\u00cdSTICO DE SINOP\"},\"image\":{\"@id\":\"https:\/\/guiaturisticodesinop.com.br\/#\/schema\/logo\/image\/\"},\"sameAs\":[\"https:\/\/www.facebook.com\/people\/Guia-Turstico-de-Sinop\/100089015200279\/\",\"https:\/\/www.instagram.com\/guiaturisticodesinop\"]}]}<\/script>\n<!-- \/ Yoast SEO plugin. -->","yoast_head_json":{"title":"Parque Florestal - Sinop\/MT - GUIA TUR\u00cdSTICO DE SINOP","robots":{"index":"index","follow":"follow","max-snippet":"max-snippet:-1","max-image-preview":"max-image-preview:large","max-video-preview":"max-video-preview:-1"},"canonical":"http:\/\/guiaturisticodesinop.com.br\/?page_id=1908","og_locale":"pt_BR","og_type":"article","og_title":"Parque Florestal - Sinop\/MT - GUIA TUR\u00cdSTICO DE SINOP","og_description":"O Parque Florestal de Sinop foi idealizado e concebido com o objetivo de proporcionar lazer a comunidade sinopense e seus visitantes. A Reserva Ecol\u00f3gica \u00e9 composta predominantemente de fauna e flora nativa da Amaz\u00f4nia Mato-grossense. Trata-se de um ponto tur\u00edstico de visita\u00e7\u00e3o p\u00fablica, possui uma \u00e1rea de 43,56 hectares com [&hellip;]","og_url":"http:\/\/guiaturisticodesinop.com.br\/?page_id=1908","og_site_name":"GUIA TUR\u00cdSTICO DE SINOP","article_publisher":"https:\/\/www.facebook.com\/people\/Guia-Turstico-de-Sinop\/100089015200279\/","article_modified_time":"2025-07-01T19:01:06+00:00","og_image":[{"width":1111,"height":354,"url":"http:\/\/guiaturisticodesinop.com.br\/wp-content\/uploads\/2023\/02\/27-mapa-7.png","type":"image\/png"}],"twitter_card":"summary_large_image","twitter_misc":{"Est. tempo de leitura":"4 minutos"},"schema":{"@context":"https:\/\/schema.org","@graph":[{"@type":"WebPage","@id":"http:\/\/guiaturisticodesinop.com.br\/?page_id=1908","url":"http:\/\/guiaturisticodesinop.com.br\/?page_id=1908","name":"Parque Florestal - Sinop\/MT - GUIA TUR\u00cdSTICO DE SINOP","isPartOf":{"@id":"https:\/\/guiaturisticodesinop.com.br\/#website"},"primaryImageOfPage":{"@id":"http:\/\/guiaturisticodesinop.com.br\/?page_id=1908#primaryimage"},"image":{"@id":"http:\/\/guiaturisticodesinop.com.br\/?page_id=1908#primaryimage"},"thumbnailUrl":"https:\/\/guiaturisticodesinop.com.br\/wp-content\/uploads\/2023\/02\/27-mapa-7.png","datePublished":"2023-02-14T11:25:38+00:00","dateModified":"2025-07-01T19:01:06+00:00","breadcrumb":{"@id":"http:\/\/guiaturisticodesinop.com.br\/?page_id=1908#breadcrumb"},"inLanguage":"pt-BR","potentialAction":[{"@type":"ReadAction","target":["http:\/\/guiaturisticodesinop.com.br\/?page_id=1908"]}]},{"@type":"ImageObject","inLanguage":"pt-BR","@id":"http:\/\/guiaturisticodesinop.com.br\/?page_id=1908#primaryimage","url":"https:\/\/guiaturisticodesinop.com.br\/wp-content\/uploads\/2023\/02\/27-mapa-7.png","contentUrl":"https:\/\/guiaturisticodesinop.com.br\/wp-content\/uploads\/2023\/02\/27-mapa-7.png","width":1111,"height":354,"caption":"#Pra\u00e7a Jardim Curitiba II #Sinop #Brinquedos para crian\u00e7as #Lazer #Academia ao livre #Quadras esportiva #Pergolado #Banheiro p\u00fablico #Obra de arte #F\u00e1bio Gomes Trindade"},{"@type":"BreadcrumbList","@id":"http:\/\/guiaturisticodesinop.com.br\/?page_id=1908#breadcrumb","itemListElement":[{"@type":"ListItem","position":1,"name":"In\u00edcio","item":"https:\/\/guiaturisticodesinop.com.br\/"},{"@type":"ListItem","position":2,"name":"Parque Florestal &#8211; Sinop\/MT"}]},{"@type":"WebSite","@id":"https:\/\/guiaturisticodesinop.com.br\/#website","url":"https:\/\/guiaturisticodesinop.com.br\/","name":"GUIA TUR\u00cdSTICO DE SINOP","description":"A vitrine on-line do turismo em Sinop para o mundo!","publisher":{"@id":"https:\/\/guiaturisticodesinop.com.br\/#organization"},"potentialAction":[{"@type":"SearchAction","target":{"@type":"EntryPoint","urlTemplate":"https:\/\/guiaturisticodesinop.com.br\/?s={search_term_string}"},"query-input":{"@type":"PropertyValueSpecification","valueRequired":true,"valueName":"search_term_string"}}],"inLanguage":"pt-BR"},{"@type":"Organization","@id":"https:\/\/guiaturisticodesinop.com.br\/#organization","name":"GUIA TUR\u00cdSTICO DE SINOP","url":"https:\/\/guiaturisticodesinop.com.br\/","logo":{"@type":"ImageObject","inLanguage":"pt-BR","@id":"https:\/\/guiaturisticodesinop.com.br\/#\/schema\/logo\/image\/","url":"https:\/\/guiaturisticodesinop.com.br\/wp-content\/uploads\/2023\/02\/logo_marca_guia_turistico_de_sinop.png","contentUrl":"https:\/\/guiaturisticodesinop.com.br\/wp-content\/uploads\/2023\/02\/logo_marca_guia_turistico_de_sinop.png","width":250,"height":149,"caption":"GUIA TUR\u00cdSTICO DE SINOP"},"image":{"@id":"https:\/\/guiaturisticodesinop.com.br\/#\/schema\/logo\/image\/"},"sameAs":["https:\/\/www.facebook.com\/people\/Guia-Turstico-de-Sinop\/100089015200279\/","https:\/\/www.instagram.com\/guiaturisticodesinop"]}]}},"_links":{"self":[{"href":"https:\/\/guiaturisticodesinop.com.br\/index.php?rest_route=\/wp\/v2\/pages\/1908","targetHints":{"allow":["GET"]}}],"collection":[{"href":"https:\/\/guiaturisticodesinop.com.br\/index.php?rest_route=\/wp\/v2\/pages"}],"about":[{"href":"https:\/\/guiaturisticodesinop.com.br\/index.php?rest_route=\/wp\/v2\/types\/page"}],"author":[{"embeddable":true,"href":"https:\/\/guiaturisticodesinop.com.br\/index.php?rest_route=\/wp\/v2\/users\/1"}],"replies":[{"embeddable":true,"href":"https:\/\/guiaturisticodesinop.com.br\/index.php?rest_route=%2Fwp%2Fv2%2Fcomments&post=1908"}],"version-history":[{"count":47,"href":"https:\/\/guiaturisticodesinop.com.br\/index.php?rest_route=\/wp\/v2\/pages\/1908\/revisions"}],"predecessor-version":[{"id":3775,"href":"https:\/\/guiaturisticodesinop.com.br\/index.php?rest_route=\/wp\/v2\/pages\/1908\/revisions\/3775"}],"wp:featuredmedia":[{"embeddable":true,"href":"https:\/\/guiaturisticodesinop.com.br\/index.php?rest_route=\/wp\/v2\/media\/2407"}],"wp:attachment":[{"href":"https:\/\/guiaturisticodesinop.com.br\/index.php?rest_route=%2Fwp%2Fv2%2Fmedia&parent=1908"}],"curies":[{"name":"wp","href":"https:\/\/api.w.org\/{rel}","templated":true}]}}